{"id":5,"date":"2011-01-05T08:14:32","date_gmt":"2011-01-05T06:14:32","guid":{"rendered":"http:\/\/blogs.lyceecfadumene.fr\/sante\/"},"modified":"2013-11-27T14:44:04","modified_gmt":"2013-11-27T12:44:04","slug":"horaires","status":"publish","type":"page","link":"https:\/\/blogs.lyceecfadumene.fr\/tyanheol\/infirmerie\/horaires\/","title":{"rendered":"Horaires"},"content":{"rendered":"<h2>les horaires d&rsquo;ouverture de l&rsquo;infirmerie la journ\u00e9e :<\/h2>\n<p>&#8211; Le lundi de 9h \u00e0 12h10 et de 13h \u00e0 17h30<\/p>\n<p>&#8211; Le mardi de 7h45 \u00e0 12h10 et de 13h \u00e0 17h30<\/p>\n<p>&#8211; Le mercredi de 7h45 \u00e0 12h10 et de 13h30 \u00e0 16h<\/p>\n<p>&#8211; Le jeudi de 7h45 \u00e0 12h10 et de 13h \u00e0 17h30<\/p>\n<p>&#8211; Le vendredi de 7h45 \u00e0 12h10<\/p>\n<h2>Les nuits de permanences de l&rsquo;infirmi\u00e8re :<\/h2>\n<p>&#8211; Le mardi<\/p>\n<p>&#8211; Le mercredi<\/p>\n<p>&#8211; Le jeudi<\/p>\n","protected":false},"excerpt":{"rendered":"<p>les horaires d&rsquo;ouverture de l&rsquo;infirmerie la journ\u00e9e : &#8211; Le lundi de 9h \u00e0 12h10 et de 13h \u00e0 17h30 &#8211; Le mardi de 7h45 \u00e0 12h10 et de 13h \u00e0 17h30 &#8211; Le mercredi de 7h45 \u00e0 12h10 et de 13h30 \u00e0 16h &#8211; Le jeudi de 7h45 \u00e0 12h10 et de 13h \u00e0 &hellip; <a href=\"https:\/\/blogs.lyceecfadumene.fr\/tyanheol\/infirmerie\/horaires\/\" class=\"more-link\">Continuer la lecture de <span class=\"screen-reader-text\">Horaires<\/span> <span class=\"meta-nav\">&rarr;<\/span><\/a><\/p>\n","protected":false},"author":43,"featured_media":0,"parent":452,"menu_order":0,"comment_status":"open","ping_status":"closed","template":"","meta":{"footnotes":""},"class_list":["post-5","page","type-page","status-publish","hentry"],"aioseo_notices":[],"jetpack_shortlink":"https:\/\/wp.me\/P1SrOO-5","jetpack_sharing_enabled":true,"_links":{"self":[{"href":"https:\/\/blogs.lyceecfadumene.fr\/tyanheol\/wp-json\/wp\/v2\/pages\/5","targetHints":{"allow":["GET"]}}],"collection":[{"href":"https:\/\/blogs.lyceecfadumene.fr\/tyanheol\/wp-json\/wp\/v2\/pages"}],"about":[{"href":"https:\/\/blogs.lyceecfadumene.fr\/tyanheol\/wp-json\/wp\/v2\/types\/page"}],"author":[{"embeddable":true,"href":"https:\/\/blogs.lyceecfadumene.fr\/tyanheol\/wp-json\/wp\/v2\/users\/43"}],"replies":[{"embeddable":true,"href":"https:\/\/blogs.lyceecfadumene.fr\/tyanheol\/wp-json\/wp\/v2\/comments?post=5"}],"version-history":[{"count":0,"href":"https:\/\/blogs.lyceecfadumene.fr\/tyanheol\/wp-json\/wp\/v2\/pages\/5\/revisions"}],"up":[{"embeddable":true,"href":"https:\/\/blogs.lyceecfadumene.fr\/tyanheol\/wp-json\/wp\/v2\/pages\/452"}],"wp:attachment":[{"href":"https:\/\/blogs.lyceecfadumene.fr\/tyanheol\/wp-json\/wp\/v2\/media?parent=5"}],"curies":[{"name":"wp","href":"https:\/\/api.w.org\/{rel}","templated":true}]}}

<h2>les horaires d&rsquo;ouverture de l&rsquo;infirmerie la journée :</h2>
<p>&#8211; Le lundi de 9h à 12h10 et de 13h à 17h30</p>
<p>&#8211; Le mardi de 7h45 à 12h10 et de 13h à 17h30</p>
<p>&#8211; Le mercredi de 7h45 à 12h10 et de 13h30 à 16h</p>
<p>&#8211; Le jeudi de 7h45 à 12h10 et de 13h à 17h30</p>
<p>&#8211; Le vendredi de 7h45 à 12h10</p>
<h2>Les nuits de permanences de l&rsquo;infirmière :</h2>
<p>&#8211; Le mardi</p>
<p>&#8211; Le mercredi</p>
<p>&#8211; Le jeudi</p>

<p>les horaires d&rsquo;ouverture de l&rsquo;infirmerie la journée : &#8211; Le lundi de 9h à 12h10 et de 13h à 17h30 &#8211; Le mardi de 7h45 à 12h10 et de 13h à 17h30 &#8211; Le mercredi de 7h45 à 12h10 et de 13h30 à 16h &#8211; Le jeudi de 7h45 à 12h10 et de 13h à &hellip; <a href="https://blogs.lyceecfadumene.fr/tyanheol/infirmerie/horaires/" class="more-link">Continuer la lecture de <span class="screen-reader-text">Horaires</span> <span class="meta-nav">&rarr;</span></a></p>
