{"id":2,"date":"2011-09-22T14:54:37","date_gmt":"2011-09-22T12:54:37","guid":{"rendered":"http:\/\/blogs.lyceecfadumene.fr\/tyanheol\/?page_id=2"},"modified":"2013-12-18T19:05:40","modified_gmt":"2013-12-18T17:05:40","slug":"lassociation","status":"publish","type":"page","link":"https:\/\/blogs.lyceecfadumene.fr\/tyanheol\/lassociation\/","title":{"rendered":"Ty an Heol"},"content":{"rendered":"<h1>Ty an Heol (la maison du soleil) :<\/h1>\n<p>Association des \u00e9l\u00e8ves et des apprentis du Lyc\u00e9e du Men\u00e9 &amp; C.F.A. Le lyc\u00e9e et le CFA, lieux de travail avant tout, sont aussi des lieux de vie o\u00f9 il est important que chacun puisse s&rsquo;\u00e9panouir. Pour cela, des activit\u00e9s nombreuses et vari\u00e9es, aussi bien sportives que culturelles, sont propos\u00e9es aux \u00e9l\u00e8ves et apprentis.<\/p>\n<p>L&rsquo;interview de Mme Urvoy, enseignante en Education Socio-Culturelle au lyc\u00e9e du Men\u00e9 :<\/p>\n<p>[mp3j track=\u00a0\u00bbhttps:\/\/blogs.lyceecfadumene.fr\/webradio\/files\/2011\/10\/InterviewMmeURVOY.mp3&Prime;]<\/p>\n<p>Le foyer est \u00e9quip\u00e9 de baby-foot, de flipper, de jeux vid\u00e9os et d&rsquo;une table de tennis de table.<\/p>\n<!--Erreur de Youtube : URL incorrecte-->\n<p>Le mardi soir, lors de la soir\u00e9e des \u00e9l\u00e8ves et apprentis, diff\u00e9rents clubs sont mis en place (Musique, sculpture, th\u00e9\u00e2tre, danses, vid\u00e9o, t\u00e9l\u00e9, coop\u00e9ration international).<\/p>\n<p>Le mercredi apr\u00e8s-midi, les \u00e9l\u00e8ves n&rsquo;ayant pas de cours se voient proposer de multiples activit\u00e9s (Football, volley, basket, musculation, escalade, badminton, \u00e9quitation, course d&rsquo;orientation) dans le cadre de l&rsquo;association sportive de l&rsquo;\u00e9tablissement.<\/p>\n<p>Des sorties en soir\u00e9e sont r\u00e9guli\u00e8rement propos\u00e9es (Spectacles divers, cin\u00e9ma, th\u00e9\u00e2tre, patinoire, piscine)<\/p>\n<div class=\"tiled-gallery type-rectangular tiled-gallery-unresized\" data-original-width=\"604\" data-carousel-extra='{&quot;blog_id&quot;:84,&quot;permalink&quot;:&quot;https:\\\/\\\/blogs.lyceecfadumene.fr\\\/tyanheol\\\/lassociation\\\/&quot;,&quot;likes_blog_id&quot;:27752986}' itemscope itemtype=\"http:\/\/schema.org\/ImageGallery\" > <div class=\"gallery-row\" style=\"width: 604px; height: 303px;\" data-original-width=\"604\" data-original-height=\"303\" > <div class=\"gallery-group images-1\" style=\"width: 403px; height: 303px;\" data-original-width=\"403\" data-original-height=\"303\" > <div class=\"tiled-gallery-item tiled-gallery-item-large\" itemprop=\"associatedMedia\" itemscope itemtype=\"http:\/\/schema.org\/ImageObject\"> <a href=\"https:\/\/i0.wp.com\/blogs.lyceecfadumene.fr\/tyanheol\/files\/2011\/09\/paintball.jpg?ssl=1\" border=\"0\" itemprop=\"url\"> <meta itemprop=\"width\" content=\"399\"> <meta itemprop=\"height\" content=\"299\"> <img decoding=\"async\" class=\"\" data-attachment-id=\"19\" data-orig-file=\"https:\/\/blogs.lyceecfadumene.fr\/tyanheol\/files\/2011\/09\/paintball.jpg\" data-orig-size=\"300,225\" data-comments-opened=\"1\" data-image-meta=\"{&quot;aperture&quot;:&quot;3.1&quot;,&quot;credit&quot;:&quot;&quot;,&quot;camera&quot;:&quot;FinePix S7000&quot;,&quot;caption&quot;:&quot;&quot;,&quot;created_timestamp&quot;:&quot;1305734986&quot;,&quot;copyright&quot;:&quot;&quot;,&quot;focal_length&quot;:&quot;46.8&quot;,&quot;iso&quot;:&quot;200&quot;,&quot;shutter_speed&quot;:&quot;0.00666666666667&quot;,&quot;title&quot;:&quot;&quot;}\" data-image-title=\"paintball\" data-image-description=\"\" data-medium-file=\"https:\/\/i0.wp.com\/blogs.lyceecfadumene.fr\/tyanheol\/files\/2011\/09\/paintball.jpg?fit=300%2C225&#038;ssl=1\" data-large-file=\"https:\/\/i0.wp.com\/blogs.lyceecfadumene.fr\/tyanheol\/files\/2011\/09\/paintball.jpg?fit=300%2C225&#038;ssl=1\" src=\"https:\/\/i0.wp.com\/blogs.lyceecfadumene.fr\/tyanheol\/files\/2011\/09\/paintball.jpg?w=399&#038;h=299&#038;ssl=1\" width=\"399\" height=\"299\" loading=\"lazy\" data-original-width=\"399\" data-original-height=\"299\" itemprop=\"http:\/\/schema.org\/image\" title=\"paintball\" alt=\"Painball\" style=\"width: 399px; height: 299px;\" \/> <\/a> <div class=\"tiled-gallery-caption\" itemprop=\"caption description\"> Painball <\/div> <\/div> <\/div> <!-- close group --> <div class=\"gallery-group images-2\" style=\"width: 201px; height: 303px;\" data-original-width=\"201\" data-original-height=\"303\" > <div class=\"tiled-gallery-item tiled-gallery-item-small\" itemprop=\"associatedMedia\" itemscope itemtype=\"http:\/\/schema.org\/ImageObject\"> <a href=\"https:\/\/i0.wp.com\/blogs.lyceecfadumene.fr\/tyanheol\/files\/2011\/09\/segway.jpg?ssl=1\" border=\"0\" itemprop=\"url\"> <meta itemprop=\"width\" content=\"197\"> <meta itemprop=\"height\" content=\"148\"> <img decoding=\"async\" class=\"\" data-attachment-id=\"18\" data-orig-file=\"https:\/\/blogs.lyceecfadumene.fr\/tyanheol\/files\/2011\/09\/segway.jpg\" data-orig-size=\"300,225\" data-comments-opened=\"1\" data-image-meta=\"{&quot;aperture&quot;:&quot;7&quot;,&quot;credit&quot;:&quot;&quot;,&quot;camera&quot;:&quot;FinePix S7000&quot;,&quot;caption&quot;:&quot;&quot;,&quot;created_timestamp&quot;:&quot;1041461393&quot;,&quot;copyright&quot;:&quot;&quot;,&quot;focal_length&quot;:&quot;11&quot;,&quot;iso&quot;:&quot;160&quot;,&quot;shutter_speed&quot;:&quot;0.00208333333333&quot;,&quot;title&quot;:&quot;&quot;}\" data-image-title=\"segway\" data-image-description=\"\" data-medium-file=\"https:\/\/i0.wp.com\/blogs.lyceecfadumene.fr\/tyanheol\/files\/2011\/09\/segway.jpg?fit=300%2C225&#038;ssl=1\" data-large-file=\"https:\/\/i0.wp.com\/blogs.lyceecfadumene.fr\/tyanheol\/files\/2011\/09\/segway.jpg?fit=300%2C225&#038;ssl=1\" src=\"https:\/\/i0.wp.com\/blogs.lyceecfadumene.fr\/tyanheol\/files\/2011\/09\/segway.jpg?w=197&#038;h=148&#038;ssl=1\" width=\"197\" height=\"148\" loading=\"lazy\" data-original-width=\"197\" data-original-height=\"148\" itemprop=\"http:\/\/schema.org\/image\" title=\"segway\" alt=\"Segway\" style=\"width: 197px; height: 148px;\" \/> <\/a> <div class=\"tiled-gallery-caption\" itemprop=\"caption description\"> Segway <\/div> <\/div> <div class=\"tiled-gallery-item tiled-gallery-item-small\" itemprop=\"associatedMedia\" itemscope itemtype=\"http:\/\/schema.org\/ImageObject\"> <a href=\"https:\/\/i0.wp.com\/blogs.lyceecfadumene.fr\/tyanheol\/files\/2011\/09\/tremelin.jpg?ssl=1\" border=\"0\" itemprop=\"url\"> <meta itemprop=\"width\" content=\"197\"> <meta itemprop=\"height\" content=\"147\"> <img decoding=\"async\" class=\"\" data-attachment-id=\"15\" data-orig-file=\"https:\/\/blogs.lyceecfadumene.fr\/tyanheol\/files\/2011\/09\/tremelin.jpg\" data-orig-size=\"300,225\" data-comments-opened=\"1\" data-image-meta=\"{&quot;aperture&quot;:&quot;0&quot;,&quot;credit&quot;:&quot;&quot;,&quot;camera&quot;:&quot;&quot;,&quot;caption&quot;:&quot;&quot;,&quot;created_timestamp&quot;:&quot;0&quot;,&quot;copyright&quot;:&quot;&quot;,&quot;focal_length&quot;:&quot;0&quot;,&quot;iso&quot;:&quot;0&quot;,&quot;shutter_speed&quot;:&quot;0&quot;,&quot;title&quot;:&quot;&quot;}\" data-image-title=\"tremelin\" data-image-description=\"\" data-medium-file=\"https:\/\/i0.wp.com\/blogs.lyceecfadumene.fr\/tyanheol\/files\/2011\/09\/tremelin.jpg?fit=300%2C225&#038;ssl=1\" data-large-file=\"https:\/\/i0.wp.com\/blogs.lyceecfadumene.fr\/tyanheol\/files\/2011\/09\/tremelin.jpg?fit=300%2C225&#038;ssl=1\" src=\"https:\/\/i0.wp.com\/blogs.lyceecfadumene.fr\/tyanheol\/files\/2011\/09\/tremelin.jpg?w=197&#038;h=147&#038;ssl=1\" width=\"197\" height=\"147\" loading=\"lazy\" data-original-width=\"197\" data-original-height=\"147\" itemprop=\"http:\/\/schema.org\/image\" title=\"tremelin\" alt=\"Base nautique de Tremelin\" style=\"width: 197px; height: 147px;\" \/> <\/a> <div class=\"tiled-gallery-caption\" itemprop=\"caption description\"> Base nautique de Tremelin <\/div> <\/div> <\/div> <!-- close group --> <\/div> <!-- close row --> <div class=\"gallery-row\" style=\"width: 604px; height: 454px;\" data-original-width=\"604\" data-original-height=\"454\" > <div class=\"gallery-group images-1\" style=\"width: 604px; height: 454px;\" data-original-width=\"604\" data-original-height=\"454\" > <div class=\"tiled-gallery-item tiled-gallery-item-large\" itemprop=\"associatedMedia\" itemscope itemtype=\"http:\/\/schema.org\/ImageObject\"> <a href=\"https:\/\/i0.wp.com\/blogs.lyceecfadumene.fr\/tyanheol\/files\/2011\/09\/zoo.jpg?ssl=1\" border=\"0\" itemprop=\"url\"> <meta itemprop=\"width\" content=\"600\"> <meta itemprop=\"height\" content=\"450\"> <img decoding=\"async\" class=\"\" data-attachment-id=\"14\" data-orig-file=\"https:\/\/blogs.lyceecfadumene.fr\/tyanheol\/files\/2011\/09\/zoo.jpg\" data-orig-size=\"640,480\" data-comments-opened=\"1\" data-image-meta=\"{&quot;aperture&quot;:&quot;5&quot;,&quot;credit&quot;:&quot;&quot;,&quot;camera&quot;:&quot;FinePix S7000&quot;,&quot;caption&quot;:&quot;&quot;,&quot;created_timestamp&quot;:&quot;1041379989&quot;,&quot;copyright&quot;:&quot;&quot;,&quot;focal_length&quot;:&quot;7.8&quot;,&quot;iso&quot;:&quot;160&quot;,&quot;shutter_speed&quot;:&quot;0.00357142857143&quot;,&quot;title&quot;:&quot;&quot;}\" data-image-title=\"zoo\" data-image-description=\"\" data-medium-file=\"https:\/\/i0.wp.com\/blogs.lyceecfadumene.fr\/tyanheol\/files\/2011\/09\/zoo.jpg?fit=300%2C225&#038;ssl=1\" data-large-file=\"https:\/\/i0.wp.com\/blogs.lyceecfadumene.fr\/tyanheol\/files\/2011\/09\/zoo.jpg?fit=604%2C453&#038;ssl=1\" src=\"https:\/\/i0.wp.com\/blogs.lyceecfadumene.fr\/tyanheol\/files\/2011\/09\/zoo.jpg?w=600&#038;h=450&#038;ssl=1\" srcset=\"https:\/\/i0.wp.com\/blogs.lyceecfadumene.fr\/tyanheol\/files\/2011\/09\/zoo.jpg?w=640&amp;ssl=1 640w, https:\/\/i0.wp.com\/blogs.lyceecfadumene.fr\/tyanheol\/files\/2011\/09\/zoo.jpg?resize=300%2C225&amp;ssl=1 300w\" width=\"600\" height=\"450\" loading=\"lazy\" data-original-width=\"600\" data-original-height=\"450\" itemprop=\"http:\/\/schema.org\/image\" title=\"zoo\" alt=\"Zoo de Branf\u00e9r\u00e9\" style=\"width: 600px; height: 450px;\" \/> <\/a> <div class=\"tiled-gallery-caption\" itemprop=\"caption description\"> Zoo de Branf\u00e9r\u00e9 <\/div> <\/div> <\/div> <!-- close group --> <\/div> <!-- close row --> <\/div>\n<p>Des soir\u00e9es r\u00e9cr\u00e9atives et culturelles \u00e0 th\u00e8mes, conf\u00e9rences, spectacles, animations, sont organis\u00e9es.<\/p>\n<p>L&rsquo;association invite \u00e9galement les \u00e9l\u00e8ves et apprentis \u00e0 la d\u00e9couverte et \u00e0 la curiosit\u00e9 gr\u00e2ce aux abonnements qu&rsquo;elle a souscrit aupr\u00e8s de GEO, Ca m&rsquo;Int\u00e9resse, le Nouvel Observateur, Sciences et Avenir, Cin\u00e9 Live .<\/p>\n<p>L&rsquo;association g\u00e8re aussi les activit\u00e9s qui permettent de financer en partie les voyages d&rsquo;\u00e9tudes en participant \u00e0 l&rsquo;organisation de Fest-Noz, soir\u00e9es disco, karaok\u00e9, concours de belote, d\u00e9fil\u00e9 de mode, loto, ramassage de pommes, ventes de g\u00e2teaux.<\/p>\n<p>\u0085Pour financer toutes ces activit\u00e9s et prestations, une cotisation annuelle de 35 \u20ac pour les lyc\u00e9ens et 20 \u20ac pour les \u00e9tudiants de BTS et les apprentis est demand\u00e9e \u00e0 chaque famille.<\/p>\n","protected":false},"excerpt":{"rendered":"<p>Ty an Heol (la maison du soleil) : Association des \u00e9l\u00e8ves et des apprentis du Lyc\u00e9e du Men\u00e9 &amp; C.F.A. Le lyc\u00e9e et le CFA, lieux de travail avant tout, sont aussi des lieux de vie o\u00f9 il est important que chacun puisse s&rsquo;\u00e9panouir. Pour cela, des activit\u00e9s nombreuses et vari\u00e9es, aussi bien sportives que &hellip; <a href=\"https:\/\/blogs.lyceecfadumene.fr\/tyanheol\/lassociation\/\" class=\"more-link\">Continuer la lecture de <span class=\"screen-reader-text\">Ty an Heol<\/span> <span class=\"meta-nav\">&rarr;<\/span><\/a><\/p>\n","protected":false},"author":87,"featured_media":0,"parent":0,"menu_order":0,"comment_status":"open","ping_status":"closed","template":"","meta":{"footnotes":""},"class_list":["post-2","page","type-page","status-publish","hentry"],"aioseo_notices":[],"jetpack_shortlink":"https:\/\/wp.me\/P1SrOO-2","jetpack_sharing_enabled":true,"_links":{"self":[{"href":"https:\/\/blogs.lyceecfadumene.fr\/tyanheol\/wp-json\/wp\/v2\/pages\/2","targetHints":{"allow":["GET"]}}],"collection":[{"href":"https:\/\/blogs.lyceecfadumene.fr\/tyanheol\/wp-json\/wp\/v2\/pages"}],"about":[{"href":"https:\/\/blogs.lyceecfadumene.fr\/tyanheol\/wp-json\/wp\/v2\/types\/page"}],"author":[{"embeddable":true,"href":"https:\/\/blogs.lyceecfadumene.fr\/tyanheol\/wp-json\/wp\/v2\/users\/87"}],"replies":[{"embeddable":true,"href":"https:\/\/blogs.lyceecfadumene.fr\/tyanheol\/wp-json\/wp\/v2\/comments?post=2"}],"version-history":[{"count":0,"href":"https:\/\/blogs.lyceecfadumene.fr\/tyanheol\/wp-json\/wp\/v2\/pages\/2\/revisions"}],"wp:attachment":[{"href":"https:\/\/blogs.lyceecfadumene.fr\/tyanheol\/wp-json\/wp\/v2\/media?parent=2"}],"curies":[{"name":"wp","href":"https:\/\/api.w.org\/{rel}","templated":true}]}}

<h1>Ty an Heol (la maison du soleil) :</h1>
<p>Association des élèves et des apprentis du Lycée du Mené &amp; C.F.A. Le lycée et le CFA, lieux de travail avant tout, sont aussi des lieux de vie où il est important que chacun puisse s&rsquo;épanouir. Pour cela, des activités nombreuses et variées, aussi bien sportives que culturelles, sont proposées aux élèves et apprentis.</p>
<p>L&rsquo;interview de Mme Urvoy, enseignante en Education Socio-Culturelle au lycée du Mené :</p>
<p>[mp3j track= »https://blogs.lyceecfadumene.fr/webradio/files/2011/10/InterviewMmeURVOY.mp3&Prime;]</p>
<p>Le foyer est équipé de baby-foot, de flipper, de jeux vidéos et d&rsquo;une table de tennis de table.</p>
<!--Erreur de Youtube : URL incorrecte-->
<p>Le mardi soir, lors de la soirée des élèves et apprentis, différents clubs sont mis en place (Musique, sculpture, théâtre, danses, vidéo, télé, coopération international).</p>
<p>Le mercredi après-midi, les élèves n&rsquo;ayant pas de cours se voient proposer de multiples activités (Football, volley, basket, musculation, escalade, badminton, équitation, course d&rsquo;orientation) dans le cadre de l&rsquo;association sportive de l&rsquo;établissement.</p>
<p>Des sorties en soirée sont régulièrement proposées (Spectacles divers, cinéma, théâtre, patinoire, piscine)</p>
<div class="tiled-gallery type-rectangular tiled-gallery-unresized" data-original-width="604" data-carousel-extra='{&quot;blog_id&quot;:84,&quot;permalink&quot;:&quot;https:\/\/blogs.lyceecfadumene.fr\/tyanheol\/lassociation\/&quot;,&quot;likes_blog_id&quot;:27752986}' itemscope itemtype="http://schema.org/ImageGallery" > <div class="gallery-row" style="width: 604px; height: 303px;" data-original-width="604" data-original-height="303" > <div class="gallery-group images-1" style="width: 403px; height: 303px;" data-original-width="403" data-original-height="303" > <div class="tiled-gallery-item tiled-gallery-item-large" itemprop="associatedMedia" itemscope itemtype="http://schema.org/ImageObject"> <a href="https://i0.wp.com/blogs.lyceecfadumene.fr/tyanheol/files/2011/09/paintball.jpg?ssl=1" border="0" itemprop="url"> <meta itemprop="width" content="399"> <meta itemprop="height" content="299"> <img decoding="async" class="" data-attachment-id="19" data-orig-file="https://blogs.lyceecfadumene.fr/tyanheol/files/2011/09/paintball.jpg" data-orig-size="300,225" data-comments-opened="1" data-image-meta="{&quot;aperture&quot;:&quot;3.1&quot;,&quot;credit&quot;:&quot;&quot;,&quot;camera&quot;:&quot;FinePix S7000&quot;,&quot;caption&quot;:&quot;&quot;,&quot;created_timestamp&quot;:&quot;1305734986&quot;,&quot;copyright&quot;:&quot;&quot;,&quot;focal_length&quot;:&quot;46.8&quot;,&quot;iso&quot;:&quot;200&quot;,&quot;shutter_speed&quot;:&quot;0.00666666666667&quot;,&quot;title&quot;:&quot;&quot;}" data-image-title="paintball" data-image-description="" data-medium-file="https://i0.wp.com/blogs.lyceecfadumene.fr/tyanheol/files/2011/09/paintball.jpg?fit=300%2C225&#038;ssl=1" data-large-file="https://i0.wp.com/blogs.lyceecfadumene.fr/tyanheol/files/2011/09/paintball.jpg?fit=300%2C225&#038;ssl=1" src="https://i0.wp.com/blogs.lyceecfadumene.fr/tyanheol/files/2011/09/paintball.jpg?w=399&#038;h=299&#038;ssl=1" width="399" height="299" loading="lazy" data-original-width="399" data-original-height="299" itemprop="http://schema.org/image" title="paintball" alt="Painball" style="width: 399px; height: 299px;" /> </a> <div class="tiled-gallery-caption" itemprop="caption description"> Painball </div> </div> </div> <!-- close group --> <div class="gallery-group images-2" style="width: 201px; height: 303px;" data-original-width="201" data-original-height="303" > <div class="tiled-gallery-item tiled-gallery-item-small" itemprop="associatedMedia" itemscope itemtype="http://schema.org/ImageObject"> <a href="https://i0.wp.com/blogs.lyceecfadumene.fr/tyanheol/files/2011/09/segway.jpg?ssl=1" border="0" itemprop="url"> <meta itemprop="width" content="197"> <meta itemprop="height" content="148"> <img decoding="async" class="" data-attachment-id="18" data-orig-file="https://blogs.lyceecfadumene.fr/tyanheol/files/2011/09/segway.jpg" data-orig-size="300,225" data-comments-opened="1" data-image-meta="{&quot;aperture&quot;:&quot;7&quot;,&quot;credit&quot;:&quot;&quot;,&quot;camera&quot;:&quot;FinePix S7000&quot;,&quot;caption&quot;:&quot;&quot;,&quot;created_timestamp&quot;:&quot;1041461393&quot;,&quot;copyright&quot;:&quot;&quot;,&quot;focal_length&quot;:&quot;11&quot;,&quot;iso&quot;:&quot;160&quot;,&quot;shutter_speed&quot;:&quot;0.00208333333333&quot;,&quot;title&quot;:&quot;&quot;}" data-image-title="segway" data-image-description="" data-medium-file="https://i0.wp.com/blogs.lyceecfadumene.fr/tyanheol/files/2011/09/segway.jpg?fit=300%2C225&#038;ssl=1" data-large-file="https://i0.wp.com/blogs.lyceecfadumene.fr/tyanheol/files/2011/09/segway.jpg?fit=300%2C225&#038;ssl=1" src="https://i0.wp.com/blogs.lyceecfadumene.fr/tyanheol/files/2011/09/segway.jpg?w=197&#038;h=148&#038;ssl=1" width="197" height="148" loading="lazy" data-original-width="197" data-original-height="148" itemprop="http://schema.org/image" title="segway" alt="Segway" style="width: 197px; height: 148px;" /> </a> <div class="tiled-gallery-caption" itemprop="caption description"> Segway </div> </div> <div class="tiled-gallery-item tiled-gallery-item-small" itemprop="associatedMedia" itemscope itemtype="http://schema.org/ImageObject"> <a href="https://i0.wp.com/blogs.lyceecfadumene.fr/tyanheol/files/2011/09/tremelin.jpg?ssl=1" border="0" itemprop="url"> <meta itemprop="width" content="197"> <meta itemprop="height" content="147"> <img decoding="async" class="" data-attachment-id="15" data-orig-file="https://blogs.lyceecfadumene.fr/tyanheol/files/2011/09/tremelin.jpg" data-orig-size="300,225" data-comments-opened="1" data-image-meta="{&quot;aperture&quot;:&quot;0&quot;,&quot;credit&quot;:&quot;&quot;,&quot;camera&quot;:&quot;&quot;,&quot;caption&quot;:&quot;&quot;,&quot;created_timestamp&quot;:&quot;0&quot;,&quot;copyright&quot;:&quot;&quot;,&quot;focal_length&quot;:&quot;0&quot;,&quot;iso&quot;:&quot;0&quot;,&quot;shutter_speed&quot;:&quot;0&quot;,&quot;title&quot;:&quot;&quot;}" data-image-title="tremelin" data-image-description="" data-medium-file="https://i0.wp.com/blogs.lyceecfadumene.fr/tyanheol/files/2011/09/tremelin.jpg?fit=300%2C225&#038;ssl=1" data-large-file="https://i0.wp.com/blogs.lyceecfadumene.fr/tyanheol/files/2011/09/tremelin.jpg?fit=300%2C225&#038;ssl=1" src="https://i0.wp.com/blogs.lyceecfadumene.fr/tyanheol/files/2011/09/tremelin.jpg?w=197&#038;h=147&#038;ssl=1" width="197" height="147" loading="lazy" data-original-width="197" data-original-height="147" itemprop="http://schema.org/image" title="tremelin" alt="Base nautique de Tremelin" style="width: 197px; height: 147px;" /> </a> <div class="tiled-gallery-caption" itemprop="caption description"> Base nautique de Tremelin </div> </div> </div> <!-- close group --> </div> <!-- close row --> <div class="gallery-row" style="width: 604px; height: 454px;" data-original-width="604" data-original-height="454" > <div class="gallery-group images-1" style="width: 604px; height: 454px;" data-original-width="604" data-original-height="454" > <div class="tiled-gallery-item tiled-gallery-item-large" itemprop="associatedMedia" itemscope itemtype="http://schema.org/ImageObject"> <a href="https://i0.wp.com/blogs.lyceecfadumene.fr/tyanheol/files/2011/09/zoo.jpg?ssl=1" border="0" itemprop="url"> <meta itemprop="width" content="600"> <meta itemprop="height" content="450"> <img decoding="async" class="" data-attachment-id="14" data-orig-file="https://blogs.lyceecfadumene.fr/tyanheol/files/2011/09/zoo.jpg" data-orig-size="640,480" data-comments-opened="1" data-image-meta="{&quot;aperture&quot;:&quot;5&quot;,&quot;credit&quot;:&quot;&quot;,&quot;camera&quot;:&quot;FinePix S7000&quot;,&quot;caption&quot;:&quot;&quot;,&quot;created_timestamp&quot;:&quot;1041379989&quot;,&quot;copyright&quot;:&quot;&quot;,&quot;focal_length&quot;:&quot;7.8&quot;,&quot;iso&quot;:&quot;160&quot;,&quot;shutter_speed&quot;:&quot;0.00357142857143&quot;,&quot;title&quot;:&quot;&quot;}" data-image-title="zoo" data-image-description="" data-medium-file="https://i0.wp.com/blogs.lyceecfadumene.fr/tyanheol/files/2011/09/zoo.jpg?fit=300%2C225&#038;ssl=1" data-large-file="https://i0.wp.com/blogs.lyceecfadumene.fr/tyanheol/files/2011/09/zoo.jpg?fit=604%2C453&#038;ssl=1" src="https://i0.wp.com/blogs.lyceecfadumene.fr/tyanheol/files/2011/09/zoo.jpg?w=600&#038;h=450&#038;ssl=1" srcset="https://i0.wp.com/blogs.lyceecfadumene.fr/tyanheol/files/2011/09/zoo.jpg?w=640&amp;ssl=1 640w, https://i0.wp.com/blogs.lyceecfadumene.fr/tyanheol/files/2011/09/zoo.jpg?resize=300%2C225&amp;ssl=1 300w" width="600" height="450" loading="lazy" data-original-width="600" data-original-height="450" itemprop="http://schema.org/image" title="zoo" alt="Zoo de Branféré" style="width: 600px; height: 450px;" /> </a> <div class="tiled-gallery-caption" itemprop="caption description"> Zoo de Branféré </div> </div> </div> <!-- close group --> </div> <!-- close row --> </div>
<p>Des soirées récréatives et culturelles à thèmes, conférences, spectacles, animations, sont organisées.</p>
<p>L&rsquo;association invite également les élèves et apprentis à la découverte et à la curiosité grâce aux abonnements qu&rsquo;elle a souscrit auprès de GEO, Ca m&rsquo;Intéresse, le Nouvel Observateur, Sciences et Avenir, Ciné Live .</p>
<p>L&rsquo;association gère aussi les activités qui permettent de financer en partie les voyages d&rsquo;études en participant à l&rsquo;organisation de Fest-Noz, soirées disco, karaoké, concours de belote, défilé de mode, loto, ramassage de pommes, ventes de gâteaux.</p>
<p>Pour financer toutes ces activités et prestations, une cotisation annuelle de 35 € pour les lycéens et 20 € pour les étudiants de BTS et les apprentis est demandée à chaque famille.</p>

<p>Ty an Heol (la maison du soleil) : Association des élèves et des apprentis du Lycée du Mené &amp; C.F.A. Le lycée et le CFA, lieux de travail avant tout, sont aussi des lieux de vie où il est important que chacun puisse s&rsquo;épanouir. Pour cela, des activités nombreuses et variées, aussi bien sportives que &hellip; <a href="https://blogs.lyceecfadumene.fr/tyanheol/lassociation/" class="more-link">Continuer la lecture de <span class="screen-reader-text">Ty an Heol</span> <span class="meta-nav">&rarr;</span></a></p>
