{"id":1615,"date":"2015-12-01T16:01:46","date_gmt":"2015-12-01T14:01:46","guid":{"rendered":"http:\/\/blogs.lyceecfadumene.fr\/tyanheol\/?page_id=1615"},"modified":"2015-12-01T20:01:08","modified_gmt":"2015-12-01T18:01:08","slug":"boulette-au-roquefort-et-coulis-de-courge-cameleon","status":"publish","type":"page","link":"https:\/\/blogs.lyceecfadumene.fr\/tyanheol\/restauration\/boulette-au-roquefort-et-coulis-de-courge-cameleon\/","title":{"rendered":"Boulette au roquefort et coulis de courge cam\u00e9l\u00e9on"},"content":{"rendered":"<div class=\"tiled-gallery type-circle tiled-gallery-unresized\" data-original-width=\"604\" data-carousel-extra='{&quot;blog_id&quot;:84,&quot;permalink&quot;:&quot;https:\\\/\\\/blogs.lyceecfadumene.fr\\\/tyanheol\\\/restauration\\\/boulette-au-roquefort-et-coulis-de-courge-cameleon\\\/&quot;,&quot;likes_blog_id&quot;:27752986}' itemscope itemtype=\"http:\/\/schema.org\/ImageGallery\" > <div class=\"gallery-row\" style=\"width: 604px; height: 302px;\" data-original-width=\"604\" data-original-height=\"302\" > <div class=\"gallery-group\" style=\"width: 302px; height: 302px;\" data-original-width=\"302\" data-original-height=\"302\" > <div class=\"tiled-gallery-item \" itemprop=\"associatedMedia\" itemscope itemtype=\"http:\/\/schema.org\/ImageObject\"> <a href=\"https:\/\/blogs.lyceecfadumene.fr\/tyanheol\/restauration\/lentilles-a-la-tomate-et-au-chorizo\/roquefort\/\" border=\"0\" itemprop=\"url\"> <meta itemprop=\"width\" content=\"298\"> <meta itemprop=\"height\" content=\"298\"> <img decoding=\"async\" class=\"\" data-attachment-id=\"1641\" data-orig-file=\"https:\/\/blogs.lyceecfadumene.fr\/tyanheol\/files\/2015\/11\/Roquefort.jpg\" data-orig-size=\"5184,3456\" data-comments-opened=\"1\" data-image-meta=\"{&quot;aperture&quot;:&quot;16&quot;,&quot;credit&quot;:&quot;Pierre-Yves Beaudouin&quot;,&quot;camera&quot;:&quot;Canon EOS 7D&quot;,&quot;caption&quot;:&quot;&quot;,&quot;created_timestamp&quot;:&quot;1429301931&quot;,&quot;copyright&quot;:&quot;Creative Commons CC-BY-SA&quot;,&quot;focal_length&quot;:&quot;100&quot;,&quot;iso&quot;:&quot;100&quot;,&quot;shutter_speed&quot;:&quot;0.166666666667&quot;,&quot;title&quot;:&quot;&quot;,&quot;orientation&quot;:&quot;1&quot;}\" data-image-title=\"Roquefort\" data-image-description=\"\" data-medium-file=\"https:\/\/i0.wp.com\/blogs.lyceecfadumene.fr\/tyanheol\/files\/2015\/11\/Roquefort.jpg?fit=300%2C200&#038;ssl=1\" data-large-file=\"https:\/\/i0.wp.com\/blogs.lyceecfadumene.fr\/tyanheol\/files\/2015\/11\/Roquefort.jpg?fit=604%2C403&#038;ssl=1\" src=\"https:\/\/i0.wp.com\/blogs.lyceecfadumene.fr\/tyanheol\/files\/2015\/11\/Roquefort.jpg?w=298&#038;h=298&#038;crop=1&#038;ssl=1\" srcset=\"https:\/\/i0.wp.com\/blogs.lyceecfadumene.fr\/tyanheol\/files\/2015\/11\/Roquefort.jpg?resize=150%2C150&amp;ssl=1 150w, https:\/\/i0.wp.com\/blogs.lyceecfadumene.fr\/tyanheol\/files\/2015\/11\/Roquefort.jpg?zoom=2&amp;resize=298%2C298 596w, https:\/\/i0.wp.com\/blogs.lyceecfadumene.fr\/tyanheol\/files\/2015\/11\/Roquefort.jpg?zoom=3&amp;resize=298%2C298 894w\" width=\"298\" height=\"298\" loading=\"lazy\" data-original-width=\"298\" data-original-height=\"298\" itemprop=\"http:\/\/schema.org\/image\" title=\"Roquefort\" alt=\"Roquefort\" style=\"width: 298px; height: 298px;\" \/> <\/a> <\/div> <\/div> <div class=\"gallery-group\" style=\"width: 302px; height: 302px;\" data-original-width=\"302\" data-original-height=\"302\" > <div class=\"tiled-gallery-item \" itemprop=\"associatedMedia\" itemscope itemtype=\"http:\/\/schema.org\/ImageObject\"> <a href=\"https:\/\/blogs.lyceecfadumene.fr\/tyanheol\/restauration\/lentilles-a-la-tomate-et-au-chorizo\/courges\/\" border=\"0\" itemprop=\"url\"> <meta itemprop=\"width\" content=\"298\"> <meta itemprop=\"height\" content=\"298\"> <img decoding=\"async\" class=\"\" data-attachment-id=\"1640\" data-orig-file=\"https:\/\/blogs.lyceecfadumene.fr\/tyanheol\/files\/2015\/11\/courges.jpg\" data-orig-size=\"640,426\" data-comments-opened=\"1\" data-image-meta=\"{&quot;aperture&quot;:&quot;4&quot;,&quot;credit&quot;:&quot;&quot;,&quot;camera&quot;:&quot;NX300&quot;,&quot;caption&quot;:&quot;&quot;,&quot;created_timestamp&quot;:&quot;0&quot;,&quot;copyright&quot;:&quot;&quot;,&quot;focal_length&quot;:&quot;29&quot;,&quot;iso&quot;:&quot;200&quot;,&quot;shutter_speed&quot;:&quot;0.0166666666667&quot;,&quot;title&quot;:&quot;&quot;,&quot;orientation&quot;:&quot;0&quot;}\" data-image-title=\"courges\" data-image-description=\"\" data-medium-file=\"https:\/\/i0.wp.com\/blogs.lyceecfadumene.fr\/tyanheol\/files\/2015\/11\/courges.jpg?fit=300%2C200&#038;ssl=1\" data-large-file=\"https:\/\/i0.wp.com\/blogs.lyceecfadumene.fr\/tyanheol\/files\/2015\/11\/courges.jpg?fit=604%2C402&#038;ssl=1\" src=\"https:\/\/i0.wp.com\/blogs.lyceecfadumene.fr\/tyanheol\/files\/2015\/11\/courges.jpg?w=298&#038;h=298&#038;crop=1&#038;ssl=1\" srcset=\"https:\/\/i0.wp.com\/blogs.lyceecfadumene.fr\/tyanheol\/files\/2015\/11\/courges.jpg?resize=150%2C150&amp;ssl=1 150w, https:\/\/i0.wp.com\/blogs.lyceecfadumene.fr\/tyanheol\/files\/2015\/11\/courges.jpg?zoom=2&amp;resize=298%2C298 596w\" width=\"298\" height=\"298\" loading=\"lazy\" data-original-width=\"298\" data-original-height=\"298\" itemprop=\"http:\/\/schema.org\/image\" title=\"courges\" alt=\"courges\" style=\"width: 298px; height: 298px;\" \/> <\/a> <\/div> <\/div> <\/div> <\/div>\n<p><strong>Pour 12 boulettes :<\/strong><\/p>\n<ul>\n<li>100g de chapelure<\/li>\n<li>2 \u0153ufs<\/li>\n<li>300g de porc hach\u00e9<\/li>\n<li>300g de b\u0153uf hach\u00e9<\/li>\n<li>1 \u00e9chalote<\/li>\n<li>100g de roquefort<\/li>\n<li>1 cuill\u00e8re \u00e0 soupe de lait<\/li>\n<li>thym<\/li>\n<li>sel, poivre<\/li>\n<\/ul>\n<p><strong>Pour le coulis : <\/strong><\/p>\n<ul>\n<li>1 petite courge cam\u00e9l\u00e9on (ou autre courge)<\/li>\n<li>2 \u00e9chalotes<\/li>\n<li>bouillon de l\u00e9gumes<\/li>\n<li>coriandre cisel\u00e9e<\/li>\n<\/ul>\n<p><strong>Pr\u00e9paration :<\/strong><\/p>\n<p>Pr\u00e9chauffer le four \u00e0 200\u00b0C.<\/p>\n<p>Pr\u00e9parer les boulettes en m\u00e9langeant, dans un saladier, la chapelure et le lait. Quand le lait a \u00e9t\u00e9 absorb\u00e9, ajouter l\u2019\u0153uf et le battre rapidement. Ciseler l&rsquo;\u00e9chalote et couper le roquefort en petits d\u00e9s. Ajouter dans le saladier les viandes, l&rsquo;\u00e9chalote, le roquefort, le poivre et un peu de sel et m\u00e9langer l&rsquo;ensemble avec la main jusqu&rsquo;\u00e0 ce que ce soit homog\u00e8ne. Ajuster au besoin la consistance de la pr\u00e9paration en ajoutant un peu de lait (pr\u00e9paration trop s\u00e8che) ou de chapelure (pr\u00e9paration trop humide).<\/p>\n<p>Avec des mains l\u00e9g\u00e8rement humidifi\u00e9es, prendre une portion de pr\u00e9paration et la modeler en une boulette bien ronde et compacte. Placer les boulettes sur la plaque du four recouverte de papier sulfuris\u00e9 et enfourner pour 30 \u00e0 40 minutes, jusqu&rsquo;\u00e0 ce que les boulettes soient color\u00e9es.<\/p>\n<p>Pendant que les boulettes cuisent, pr\u00e9parer le coulis. \u00c9plucher et couper la courge en d\u00e9s, et \u00e9mincer les \u00e9chalotes. Faire revenir \u00e9chalotes et courges dans une sauteuse puis couvrir de bouillon \u00e0 hauteur et laisser cuire jusqu&rsquo;\u00e0 ce que la courge soit bien tendre. Mixer alors l&rsquo;ensemble (au mixeur plongeant ou mieux, au blender), en ajoutant un peu de bouillon au besoin afin d&rsquo;obtenir un coulis. Saler et poivrer.<\/p>\n<p>Quand les boulettes sont cuites, les d\u00e9poser dans la sauteuse, sur le coulis, parsemer de coriandre cisel\u00e9e et servir aussit\u00f4t, avec des p\u00e2tes ou des pommes de terre par exemple.<\/p>\n","protected":false},"excerpt":{"rendered":"<p>Pour 12 boulettes : 100g de chapelure 2 \u0153ufs 300g de porc hach\u00e9 300g de b\u0153uf hach\u00e9 1 \u00e9chalote 100g de roquefort 1 cuill\u00e8re \u00e0 soupe de lait thym sel, poivre Pour le coulis : 1 petite courge cam\u00e9l\u00e9on (ou autre courge) 2 \u00e9chalotes bouillon de l\u00e9gumes coriandre cisel\u00e9e Pr\u00e9paration : Pr\u00e9chauffer le four \u00e0 &hellip; <a href=\"https:\/\/blogs.lyceecfadumene.fr\/tyanheol\/restauration\/boulette-au-roquefort-et-coulis-de-courge-cameleon\/\" class=\"more-link\">Continuer la lecture de <span class=\"screen-reader-text\">Boulette au roquefort et coulis de courge cam\u00e9l\u00e9on<\/span> <span class=\"meta-nav\">&rarr;<\/span><\/a><\/p>\n","protected":false},"author":43,"featured_media":0,"parent":1562,"menu_order":0,"comment_status":"closed","ping_status":"closed","template":"","meta":{"footnotes":""},"class_list":["post-1615","page","type-page","status-publish","hentry"],"aioseo_notices":[],"jetpack_shortlink":"https:\/\/wp.me\/P1SrOO-q3","jetpack_sharing_enabled":true,"_links":{"self":[{"href":"https:\/\/blogs.lyceecfadumene.fr\/tyanheol\/wp-json\/wp\/v2\/pages\/1615","targetHints":{"allow":["GET"]}}],"collection":[{"href":"https:\/\/blogs.lyceecfadumene.fr\/tyanheol\/wp-json\/wp\/v2\/pages"}],"about":[{"href":"https:\/\/blogs.lyceecfadumene.fr\/tyanheol\/wp-json\/wp\/v2\/types\/page"}],"author":[{"embeddable":true,"href":"https:\/\/blogs.lyceecfadumene.fr\/tyanheol\/wp-json\/wp\/v2\/users\/43"}],"replies":[{"embeddable":true,"href":"https:\/\/blogs.lyceecfadumene.fr\/tyanheol\/wp-json\/wp\/v2\/comments?post=1615"}],"version-history":[{"count":0,"href":"https:\/\/blogs.lyceecfadumene.fr\/tyanheol\/wp-json\/wp\/v2\/pages\/1615\/revisions"}],"up":[{"embeddable":true,"href":"https:\/\/blogs.lyceecfadumene.fr\/tyanheol\/wp-json\/wp\/v2\/pages\/1562"}],"wp:attachment":[{"href":"https:\/\/blogs.lyceecfadumene.fr\/tyanheol\/wp-json\/wp\/v2\/media?parent=1615"}],"curies":[{"name":"wp","href":"https:\/\/api.w.org\/{rel}","templated":true}]}}