{"id":107,"date":"2011-10-12T16:44:10","date_gmt":"2011-10-12T14:44:10","guid":{"rendered":"http:\/\/blogs.lyceecfadumene.fr\/tyanheol\/?page_id=107"},"modified":"2019-04-09T16:10:16","modified_gmt":"2019-04-09T14:10:16","slug":"le-bureau","status":"publish","type":"page","link":"https:\/\/blogs.lyceecfadumene.fr\/tyanheol\/lassociation\/le-bureau\/","title":{"rendered":"Bureau"},"content":{"rendered":"<p align=\"JUSTIFY\">L&rsquo;association est dirig\u00e9e par un bureau re-compos\u00e9 de 6 membres \u00e9lus par les \u00e9l\u00e8ves, \u00e9tudiants et apprentis suite au Conseil d&rsquo;Administration du 05 Octobre 2015.<\/p>\n<p align=\"JUSTIFY\"><strong>Adrien Allory<\/strong>&nbsp;(BTS 1 TC) est \u00e9lu pr\u00e9sident<span style=\"color: #000000\"><span style=\"font-size: small\"><br \/>\n<\/span><\/span><\/p>\n<p><strong>Floran Vrammont<\/strong> (1\u00e8re TCVA) est \u00e9lu vice pr\u00e9sident<\/p>\n<p><strong>Carla Henault&nbsp;<\/strong>(Term TCVA) et<strong> <strong>Maelys Leroux<\/strong><\/strong>&nbsp;(Term TCVA)sont \u00e9lus secr\u00e9taires<\/p>\n<p><strong>Bastien Gachon&nbsp;<\/strong>(BTS 1 AP) et<strong> Jessica Buguellou&nbsp;<\/strong>(Term TCVA) sont \u00e9lus tr\u00e9soriers<\/p>\n","protected":false},"excerpt":{"rendered":"<p>L&rsquo;association est dirig\u00e9e par un bureau re-compos\u00e9 de 6 membres \u00e9lus par les \u00e9l\u00e8ves, \u00e9tudiants et apprentis suite au Conseil d&rsquo;Administration du 05 Octobre 2015. Adrien Allory&nbsp;(BTS 1 TC) est \u00e9lu pr\u00e9sident Floran Vrammont (1\u00e8re TCVA) est \u00e9lu vice pr\u00e9sident Carla Henault&nbsp;(Term TCVA) et Maelys Leroux&nbsp;(Term TCVA)sont \u00e9lus secr\u00e9taires Bastien Gachon&nbsp;(BTS 1 AP) et Jessica &hellip; <a href=\"https:\/\/blogs.lyceecfadumene.fr\/tyanheol\/lassociation\/le-bureau\/\" class=\"more-link\">Continuer la lecture de <span class=\"screen-reader-text\">Bureau<\/span> <span class=\"meta-nav\">&rarr;<\/span><\/a><\/p>\n","protected":false},"author":43,"featured_media":0,"parent":2,"menu_order":0,"comment_status":"open","ping_status":"closed","template":"","meta":{"footnotes":""},"class_list":["post-107","page","type-page","status-publish","hentry"],"aioseo_notices":[],"jetpack_shortlink":"https:\/\/wp.me\/P1SrOO-1J","jetpack_sharing_enabled":true,"_links":{"self":[{"href":"https:\/\/blogs.lyceecfadumene.fr\/tyanheol\/wp-json\/wp\/v2\/pages\/107","targetHints":{"allow":["GET"]}}],"collection":[{"href":"https:\/\/blogs.lyceecfadumene.fr\/tyanheol\/wp-json\/wp\/v2\/pages"}],"about":[{"href":"https:\/\/blogs.lyceecfadumene.fr\/tyanheol\/wp-json\/wp\/v2\/types\/page"}],"author":[{"embeddable":true,"href":"https:\/\/blogs.lyceecfadumene.fr\/tyanheol\/wp-json\/wp\/v2\/users\/43"}],"replies":[{"embeddable":true,"href":"https:\/\/blogs.lyceecfadumene.fr\/tyanheol\/wp-json\/wp\/v2\/comments?post=107"}],"version-history":[{"count":2,"href":"https:\/\/blogs.lyceecfadumene.fr\/tyanheol\/wp-json\/wp\/v2\/pages\/107\/revisions"}],"predecessor-version":[{"id":2492,"href":"https:\/\/blogs.lyceecfadumene.fr\/tyanheol\/wp-json\/wp\/v2\/pages\/107\/revisions\/2492"}],"up":[{"embeddable":true,"href":"https:\/\/blogs.lyceecfadumene.fr\/tyanheol\/wp-json\/wp\/v2\/pages\/2"}],"wp:attachment":[{"href":"https:\/\/blogs.lyceecfadumene.fr\/tyanheol\/wp-json\/wp\/v2\/media?parent=107"}],"curies":[{"name":"wp","href":"https:\/\/api.w.org\/{rel}","templated":true}]}}

<p align="JUSTIFY">L&rsquo;association est dirigée par un bureau re-composé de 6 membres élus par les élèves, étudiants et apprentis suite au Conseil d&rsquo;Administration du 05 Octobre 2015.</p>
<p align="JUSTIFY"><strong>Adrien Allory</strong>&nbsp;(BTS 1 TC) est élu président<span style="color: #000000"><span style="font-size: small"><br />
</span></span></p>
<p><strong>Floran Vrammont</strong> (1ère TCVA) est élu vice président</p>
<p><strong>Carla Henault&nbsp;</strong>(Term TCVA) et<strong> <strong>Maelys Leroux</strong></strong>&nbsp;(Term TCVA)sont élus secrétaires</p>
<p><strong>Bastien Gachon&nbsp;</strong>(BTS 1 AP) et<strong> Jessica Buguellou&nbsp;</strong>(Term TCVA) sont élus trésoriers</p>

<p>L&rsquo;association est dirigée par un bureau re-composé de 6 membres élus par les élèves, étudiants et apprentis suite au Conseil d&rsquo;Administration du 05 Octobre 2015. Adrien Allory&nbsp;(BTS 1 TC) est élu président Floran Vrammont (1ère TCVA) est élu vice président Carla Henault&nbsp;(Term TCVA) et Maelys Leroux&nbsp;(Term TCVA)sont élus secrétaires Bastien Gachon&nbsp;(BTS 1 AP) et Jessica &hellip; <a href="https://blogs.lyceecfadumene.fr/tyanheol/lassociation/le-bureau/" class="more-link">Continuer la lecture de <span class="screen-reader-text">Bureau</span> <span class="meta-nav">&rarr;</span></a></p>
