{"id":46,"date":"2022-06-14T11:57:52","date_gmt":"2022-06-14T09:57:52","guid":{"rendered":"https:\/\/blogs.lyceecfadumene.fr\/cdr\/?page_id=46"},"modified":"2022-09-16T15:23:53","modified_gmt":"2022-09-16T13:23:53","slug":"les-outils-numeriques","status":"publish","type":"page","link":"https:\/\/blogs.lyceecfadumene.fr\/cdr\/les-outils-numeriques\/","title":{"rendered":"Les outils num\u00e9riques"},"content":{"rendered":"\n<h1 class=\"has-text-align-left has-large-font-size wp-block-heading\" style=\"font-style:normal;font-weight:900\"><strong>Les outils num\u00e9riques<\/strong><\/h1>\n\n\n\n<figure class=\"wp-block-image aligncenter size-full is-resized\"><img data-recalc-dims=\"1\" loading=\"lazy\" decoding=\"async\" data-attachment-id=\"47\" data-permalink=\"https:\/\/blogs.lyceecfadumene.fr\/cdr\/les-outils-numeriques\/undraw_co_workers_re_1i6i\/\" data-orig-file=\"https:\/\/i0.wp.com\/blogs.lyceecfadumene.fr\/cdr\/files\/2022\/06\/undraw_Co_workers_re_1i6i.png?fit=955%2C764&amp;ssl=1\" data-orig-size=\"955,764\" data-comments-opened=\"1\" data-image-meta=\"{&quot;aperture&quot;:&quot;0&quot;,&quot;credit&quot;:&quot;&quot;,&quot;camera&quot;:&quot;&quot;,&quot;caption&quot;:&quot;&quot;,&quot;created_timestamp&quot;:&quot;0&quot;,&quot;copyright&quot;:&quot;&quot;,&quot;focal_length&quot;:&quot;0&quot;,&quot;iso&quot;:&quot;0&quot;,&quot;shutter_speed&quot;:&quot;0&quot;,&quot;title&quot;:&quot;&quot;,&quot;orientation&quot;:&quot;0&quot;}\" data-image-title=\"undraw_Co_workers_re_1i6i\" data-image-description=\"\" data-image-caption=\"\" data-large-file=\"https:\/\/i0.wp.com\/blogs.lyceecfadumene.fr\/cdr\/files\/2022\/06\/undraw_Co_workers_re_1i6i.png?fit=955%2C764&amp;ssl=1\" src=\"https:\/\/i0.wp.com\/blogs.lyceecfadumene.fr\/cdr\/files\/2022\/06\/undraw_Co_workers_re_1i6i.png?resize=385%2C308&#038;ssl=1\" alt=\"\" class=\"wp-image-47\" width=\"385\" height=\"308\" srcset=\"https:\/\/i0.wp.com\/blogs.lyceecfadumene.fr\/cdr\/files\/2022\/06\/undraw_Co_workers_re_1i6i.png?w=955&amp;ssl=1 955w, https:\/\/i0.wp.com\/blogs.lyceecfadumene.fr\/cdr\/files\/2022\/06\/undraw_Co_workers_re_1i6i.png?resize=300%2C240&amp;ssl=1 300w, https:\/\/i0.wp.com\/blogs.lyceecfadumene.fr\/cdr\/files\/2022\/06\/undraw_Co_workers_re_1i6i.png?resize=768%2C614&amp;ssl=1 768w\" sizes=\"auto, (max-width: 385px) 100vw, 385px\" \/><\/figure>\n\n\n\n<p class=\"has-text-align-left\">Il est important pour notre CDR de proposer \u00e0 la fois des ressources de parcours avec du contenu, des exercices, des cas pratiques mais \u00e9galement des outils pour construire ses ressources, ses cours, ses visuels ou encore pour am\u00e9liorer son animation p\u00e9dagogique. <\/p>\n\n\n\n<p style=\"font-style:normal;font-weight:600\">Voici donc le r\u00e9pertoire des diff\u00e9rentes pages d\u00e9di\u00e9es aux outils num\u00e9riques utiles \u00e0 l&rsquo;enseignant, \u00e0 l&rsquo;apprenant et \u00e0 toute personne souhaitant r\u00e9aliser du contenu p\u00e9dagogique.<\/p>\n\n\n\n<hr class=\"wp-block-separator has-text-color has-vivid-green-cyan-color has-css-opacity has-vivid-green-cyan-background-color has-background is-style-wide\" \/>\n\n\n\n<div class=\"wp-block-buttons is-layout-flex wp-block-buttons-is-layout-flex\">\n<div class=\"wp-block-button has-custom-width wp-block-button__width-75 is-style-outline is-style-outline--1\"><a class=\"wp-block-button__link\" style=\"border-radius:8px\">Nos outils internes<\/a><\/div>\n<\/div>\n\n\n\n<ul class=\"wp-block-list\"><li>Ypar\u00e9o<\/li><li>Gowizapp<\/li><li>Drive partag\u00e9<\/li><\/ul>\n\n\n\n<hr class=\"wp-block-separator has-text-color has-vivid-green-cyan-color has-css-opacity has-vivid-green-cyan-background-color has-background is-style-wide\" \/>\n\n\n\n<div class=\"wp-block-buttons is-content-justification-left is-layout-flex wp-container-core-buttons-is-layout-fc4fd283 wp-block-buttons-is-layout-flex\">\n<div class=\"wp-block-button has-custom-width wp-block-button__width-75 has-custom-font-size is-style-fill has-medium-font-size\"><a class=\"wp-block-button__link has-black-color has-vivid-green-cyan-background-color has-text-color has-background\">Cr\u00e9ation visuelle<\/a><\/div>\n<\/div>\n\n\n\n<p><\/p>\n\n\n\n<ul class=\"wp-block-list\"><li>Canva<\/li><li>Images libres de droit<\/li><li>Portfolio<\/li><li>Banque d&rsquo;\u00eecones etc&#8230;<\/li><\/ul>\n\n\n\n<hr class=\"wp-block-separator has-text-color has-vivid-green-cyan-color has-css-opacity has-vivid-green-cyan-background-color has-background is-style-wide\" \/>\n\n\n\n<div class=\"wp-block-buttons is-layout-flex wp-block-buttons-is-layout-flex\">\n<div class=\"wp-block-button has-custom-width wp-block-button__width-75 has-custom-font-size is-style-outline has-medium-font-size is-style-outline--2\"><a class=\"wp-block-button__link has-black-color has-text-color\" style=\"border-radius:20px\">Cr\u00e9er un quiz asynchrone<\/a><\/div>\n<\/div>\n\n\n\n<p><\/p>\n\n\n\n<ul class=\"wp-block-list\"><li>Tests sur Moodle<\/li><li>Learning apps<\/li><li>Scratch<\/li><li>H5P etc&#8230;<\/li><\/ul>\n\n\n\n<hr class=\"wp-block-separator has-text-color has-vivid-green-cyan-color has-css-opacity has-vivid-green-cyan-background-color has-background is-style-wide\" \/>\n\n\n\n<div class=\"wp-block-buttons is-layout-flex wp-block-buttons-is-layout-flex\">\n<div class=\"wp-block-button has-custom-width wp-block-button__width-75 has-custom-font-size is-style-fill has-medium-font-size\"><a class=\"wp-block-button__link has-black-color has-vivid-green-cyan-background-color has-text-color has-background\" href=\"https:\/\/blogs.lyceecfadumene.fr\/cdr\/les-outils-numeriques\/creer-un-quiz-synchrone\/\" target=\"_blank\" rel=\"noreferrer noopener\">Cr\u00e9er un quiz synchrone<\/a><\/div>\n<\/div>\n\n\n\n<p><\/p>\n\n\n\n<ul class=\"wp-block-list\"><li>Kahoot<\/li><li>Plickers<\/li><li>QCMcam etc&#8230;.<\/li><\/ul>\n\n\n\n<hr class=\"wp-block-separator has-text-color has-vivid-green-cyan-color has-css-opacity has-vivid-green-cyan-background-color has-background is-style-wide\" \/>\n\n\n\n<div class=\"wp-block-buttons is-layout-flex wp-block-buttons-is-layout-flex\">\n<div class=\"wp-block-button has-custom-width wp-block-button__width-75 has-custom-font-size is-style-outline has-medium-font-size is-style-outline--3\"><a class=\"wp-block-button__link\">Faire de la p\u00e9dagogie de projet<\/a><\/div>\n<\/div>\n\n\n\n<p><\/p>\n\n\n\n<ul class=\"wp-block-list\"><li>La digitale<\/li><li>Slack etc&#8230;.<\/li><\/ul>\n\n\n\n<p><\/p>\n","protected":false},"excerpt":{"rendered":"<p>Les outils num\u00e9riques Il est important pour notre CDR de proposer \u00e0 la fois des ressources de parcours avec du contenu, des exercices, des cas pratiques mais \u00e9galement des outils pour construire ses ressources, ses cours, ses visuels ou encore pour am\u00e9liorer son animation p\u00e9dagogique. Voici donc le r\u00e9pertoire des diff\u00e9rentes pages d\u00e9di\u00e9es aux outils [&hellip;]<\/p>\n","protected":false},"author":103,"featured_media":0,"parent":0,"menu_order":0,"comment_status":"open","ping_status":"closed","template":"","meta":{"footnotes":""},"class_list":["post-46","page","type-page","status-publish","hentry"],"aioseo_notices":[],"jetpack_sharing_enabled":true,"jetpack-related-posts":[{"id":691,"url":"https:\/\/blogs.lyceecfadumene.fr\/cdr\/creation-de-ressources-numeriques\/","url_meta":{"origin":46,"position":0},"title":"Cr\u00e9ation de ressources num\u00e9riques","author":"fdouan","date":"22 juin 2023","format":false,"excerpt":"Le CDR organise r\u00e9guli\u00e8rement des formations pour aider l'\u00e9quipe p\u00e9dagogique \u00e0 cr\u00e9er de nouvelles ressources num\u00e9riques. Pour chacune de ces formations, un livret de formation est disponible : Formation cr\u00e9ation de quiz interactifs et synchrones et augmentation de son animation de cours avec Kahoot et Plickers T\u00e9l\u00e9charger le livret de\u2026","rel":"","context":"Article similaire","block_context":{"text":"Article similaire","link":""},"img":{"alt_text":"","src":"https:\/\/i0.wp.com\/blogs.lyceecfadumene.fr\/cdr\/files\/2025\/12\/image-differenciation.png?resize=350%2C200&ssl=1","width":350,"height":200},"classes":[]},{"id":955,"url":"https:\/\/blogs.lyceecfadumene.fr\/cdr\/veille-accessibilite-numerique\/","url_meta":{"origin":46,"position":1},"title":"Veille Accessibilit\u00e9 num\u00e9rique","author":"fdouan","date":"20 mars 2024","format":false,"excerpt":"Mirage Dys Appli de conversion audio avec QR codes Balabolka Logiciel de conversion audio Dys tout Site d'informations sur les dys Language Tool Plug-in correcteur en ligne Lirec Plateforme pour traduire en FALC Narakeet Outil de synth\u00e8se vocale Hop'toys Site vente et pr\u00e9sentation mat\u00e9riel adapt\u00e9 Glaaster Logiciel de transcription pour\u2026","rel":"","context":"Article similaire","block_context":{"text":"Article similaire","link":""},"img":{"alt_text":"","src":"https:\/\/i0.wp.com\/blogs.lyceecfadumene.fr\/cdr\/files\/2026\/03\/logo-duo-lingopetit.jpg?resize=350%2C200&ssl=1","width":350,"height":200,"srcset":"https:\/\/i0.wp.com\/blogs.lyceecfadumene.fr\/cdr\/files\/2026\/03\/logo-duo-lingopetit.jpg?resize=350%2C200&ssl=1 1x, https:\/\/i0.wp.com\/blogs.lyceecfadumene.fr\/cdr\/files\/2026\/03\/logo-duo-lingopetit.jpg?resize=525%2C300&ssl=1 1.5x"},"classes":[]},{"id":65,"url":"https:\/\/blogs.lyceecfadumene.fr\/cdr\/les-outils-numeriques\/creer-un-quiz-synchrone\/","url_meta":{"origin":46,"position":2},"title":"Cr\u00e9er un quiz synchrone","author":"fdouan","date":"14 juin 2022","format":false,"excerpt":"Quels outils pour un cr\u00e9er un quiz synchrone ? Plickers, pour cr\u00e9er des quiz type QCM ou Vrai\/Faux sans ordinateur ni smartphone pour les apprenants et seulement avec des QR codes. Article et d\u00e9tails Kahoot, pour cr\u00e9er des quiz type QCM ou Vrai\/Faux ( dans sa version gratuite ). L'outil\u2026","rel":"","context":"Article similaire","block_context":{"text":"Article similaire","link":""},"img":{"alt_text":"","src":"https:\/\/i0.wp.com\/blogs.lyceecfadumene.fr\/cdr\/files\/2022\/06\/plickers.png?resize=350%2C200&ssl=1","width":350,"height":200,"srcset":"https:\/\/i0.wp.com\/blogs.lyceecfadumene.fr\/cdr\/files\/2022\/06\/plickers.png?resize=350%2C200&ssl=1 1x, https:\/\/i0.wp.com\/blogs.lyceecfadumene.fr\/cdr\/files\/2022\/06\/plickers.png?resize=525%2C300&ssl=1 1.5x, https:\/\/i0.wp.com\/blogs.lyceecfadumene.fr\/cdr\/files\/2022\/06\/plickers.png?resize=700%2C400&ssl=1 2x"},"classes":[]},{"id":1333,"url":"https:\/\/blogs.lyceecfadumene.fr\/cdr\/reconnaissance-des-vegetaux\/","url_meta":{"origin":46,"position":3},"title":"Reconnaissance des v\u00e9g\u00e9taux","author":"fdouan","date":"17 mars 2026","format":false,"excerpt":"Cette page contient des ressources pour la reconnaissance des v\u00e9g\u00e9taux. Il y a des contenus et des exercices. Les \u00e9l\u00e8ves peuvent les utiliser en classe ou seuls. Les ressources sont class\u00e9es par niveau et parfois par sp\u00e9cialit\u00e9. Le type de support est indiqu\u00e9. Si le support sur lequel se trouve\u2026","rel":"","context":"Article similaire","block_context":{"text":"Article similaire","link":""},"img":{"alt_text":"","src":"https:\/\/i0.wp.com\/blogs.lyceecfadumene.fr\/cdr\/files\/2026\/03\/Ressources-reco-des-vgtx.png?resize=350%2C200&ssl=1","width":350,"height":200,"srcset":"https:\/\/i0.wp.com\/blogs.lyceecfadumene.fr\/cdr\/files\/2026\/03\/Ressources-reco-des-vgtx.png?resize=350%2C200&ssl=1 1x, https:\/\/i0.wp.com\/blogs.lyceecfadumene.fr\/cdr\/files\/2026\/03\/Ressources-reco-des-vgtx.png?resize=525%2C300&ssl=1 1.5x, https:\/\/i0.wp.com\/blogs.lyceecfadumene.fr\/cdr\/files\/2026\/03\/Ressources-reco-des-vgtx.png?resize=700%2C400&ssl=1 2x, https:\/\/i0.wp.com\/blogs.lyceecfadumene.fr\/cdr\/files\/2026\/03\/Ressources-reco-des-vgtx.png?resize=1050%2C600&ssl=1 3x, https:\/\/i0.wp.com\/blogs.lyceecfadumene.fr\/cdr\/files\/2026\/03\/Ressources-reco-des-vgtx.png?resize=1400%2C800&ssl=1 4x"},"classes":[]},{"id":325,"url":"https:\/\/blogs.lyceecfadumene.fr\/cdr\/nos-outils-internes\/","url_meta":{"origin":46,"position":4},"title":"Nos outils internes","author":"fdouan","date":"19 septembre 2022","format":false,"excerpt":"Gowizapp, notre outil pour pratiquer la p\u00e9dagogie de l'alternance. Il permet de connecter les trois acteurs de l'apprentissage : le centre de formation, l'apprenti et le ma\u00eetre d'apprentissage. Il propose une version web et une application. Ypar\u00e9o, notre outil de gestion des apprentissages. Il permet de g\u00e9rer les emplois du\u2026","rel":"","context":"Article similaire","block_context":{"text":"Article similaire","link":""},"img":{"alt_text":"","src":"https:\/\/i0.wp.com\/blogs.lyceecfadumene.fr\/cdr\/files\/2022\/09\/gowizapp-logo-1.png?resize=350%2C200&ssl=1","width":350,"height":200},"classes":[]},{"id":1352,"url":"https:\/\/blogs.lyceecfadumene.fr\/cdr\/ressources-paysage\/","url_meta":{"origin":46,"position":5},"title":"Ressources paysage","author":"fdouan","date":"8 avril 2026","format":false,"excerpt":"Cette page contient des ressources pour le Paysage. Il y a des contenus et des exercices. Les \u00e9l\u00e8ves peuvent les utiliser en classe ou seuls. Les ressources sont class\u00e9es par niveau et parfois par sp\u00e9cialit\u00e9. Le type de support est indiqu\u00e9. Si le support sur lequel se trouve la ressource\u2026","rel":"","context":"Article similaire","block_context":{"text":"Article similaire","link":""},"img":{"alt_text":"","src":"https:\/\/i0.wp.com\/blogs.lyceecfadumene.fr\/cdr\/files\/2026\/04\/guy_dugas-chateau-de-villandry-1147841_1280-e1775639747172.jpg?fit=1200%2C534&ssl=1&resize=350%2C200","width":350,"height":200,"srcset":"https:\/\/i0.wp.com\/blogs.lyceecfadumene.fr\/cdr\/files\/2026\/04\/guy_dugas-chateau-de-villandry-1147841_1280-e1775639747172.jpg?fit=1200%2C534&ssl=1&resize=350%2C200 1x, https:\/\/i0.wp.com\/blogs.lyceecfadumene.fr\/cdr\/files\/2026\/04\/guy_dugas-chateau-de-villandry-1147841_1280-e1775639747172.jpg?fit=1200%2C534&ssl=1&resize=525%2C300 1.5x, https:\/\/i0.wp.com\/blogs.lyceecfadumene.fr\/cdr\/files\/2026\/04\/guy_dugas-chateau-de-villandry-1147841_1280-e1775639747172.jpg?fit=1200%2C534&ssl=1&resize=700%2C400 2x, https:\/\/i0.wp.com\/blogs.lyceecfadumene.fr\/cdr\/files\/2026\/04\/guy_dugas-chateau-de-villandry-1147841_1280-e1775639747172.jpg?fit=1200%2C534&ssl=1&resize=1050%2C600 3x"},"classes":[]}],"_links":{"self":[{"href":"https:\/\/blogs.lyceecfadumene.fr\/cdr\/wp-json\/wp\/v2\/pages\/46","targetHints":{"allow":["GET"]}}],"collection":[{"href":"https:\/\/blogs.lyceecfadumene.fr\/cdr\/wp-json\/wp\/v2\/pages"}],"about":[{"href":"https:\/\/blogs.lyceecfadumene.fr\/cdr\/wp-json\/wp\/v2\/types\/page"}],"author":[{"embeddable":true,"href":"https:\/\/blogs.lyceecfadumene.fr\/cdr\/wp-json\/wp\/v2\/users\/103"}],"replies":[{"embeddable":true,"href":"https:\/\/blogs.lyceecfadumene.fr\/cdr\/wp-json\/wp\/v2\/comments?post=46"}],"version-history":[{"count":8,"href":"https:\/\/blogs.lyceecfadumene.fr\/cdr\/wp-json\/wp\/v2\/pages\/46\/revisions"}],"predecessor-version":[{"id":316,"href":"https:\/\/blogs.lyceecfadumene.fr\/cdr\/wp-json\/wp\/v2\/pages\/46\/revisions\/316"}],"wp:attachment":[{"href":"https:\/\/blogs.lyceecfadumene.fr\/cdr\/wp-json\/wp\/v2\/media?parent=46"}],"curies":[{"name":"wp","href":"https:\/\/api.w.org\/{rel}","templated":true}]}}