{"id":325,"date":"2022-09-19T17:16:25","date_gmt":"2022-09-19T15:16:25","guid":{"rendered":"https:\/\/blogs.lyceecfadumene.fr\/cdr\/?page_id=325"},"modified":"2023-05-17T11:18:40","modified_gmt":"2023-05-17T09:18:40","slug":"nos-outils-internes","status":"publish","type":"page","link":"https:\/\/blogs.lyceecfadumene.fr\/cdr\/nos-outils-internes\/","title":{"rendered":"Nos outils internes"},"content":{"rendered":"\n<div class=\"wp-block-media-text alignwide is-stacked-on-mobile\" style=\"grid-template-columns:19% auto\"><figure class=\"wp-block-media-text__media\"><a href=\"https:\/\/blogs.lyceecfadumene.fr\/cdr\/2022\/09\/19\/gowizapp\/\"><img data-recalc-dims=\"1\" loading=\"lazy\" decoding=\"async\" width=\"225\" height=\"225\" data-attachment-id=\"326\" data-permalink=\"https:\/\/blogs.lyceecfadumene.fr\/cdr\/nos-outils-internes\/gowizapp-logo-1\/\" data-orig-file=\"https:\/\/i0.wp.com\/blogs.lyceecfadumene.fr\/cdr\/files\/2022\/09\/gowizapp-logo-1.png?fit=225%2C225&amp;ssl=1\" data-orig-size=\"225,225\" data-comments-opened=\"1\" data-image-meta=\"{&quot;aperture&quot;:&quot;0&quot;,&quot;credit&quot;:&quot;&quot;,&quot;camera&quot;:&quot;&quot;,&quot;caption&quot;:&quot;&quot;,&quot;created_timestamp&quot;:&quot;0&quot;,&quot;copyright&quot;:&quot;&quot;,&quot;focal_length&quot;:&quot;0&quot;,&quot;iso&quot;:&quot;0&quot;,&quot;shutter_speed&quot;:&quot;0&quot;,&quot;title&quot;:&quot;&quot;,&quot;orientation&quot;:&quot;0&quot;}\" data-image-title=\"gowizapp-logo-1\" data-image-description=\"\" data-image-caption=\"\" data-large-file=\"https:\/\/i0.wp.com\/blogs.lyceecfadumene.fr\/cdr\/files\/2022\/09\/gowizapp-logo-1.png?fit=225%2C225&amp;ssl=1\" src=\"https:\/\/i0.wp.com\/blogs.lyceecfadumene.fr\/cdr\/files\/2022\/09\/gowizapp-logo-1.png?resize=225%2C225&#038;ssl=1\" alt=\"\" class=\"wp-image-326 size-full\" srcset=\"https:\/\/i0.wp.com\/blogs.lyceecfadumene.fr\/cdr\/files\/2022\/09\/gowizapp-logo-1.png?w=225&amp;ssl=1 225w, https:\/\/i0.wp.com\/blogs.lyceecfadumene.fr\/cdr\/files\/2022\/09\/gowizapp-logo-1.png?resize=150%2C150&amp;ssl=1 150w\" sizes=\"auto, (max-width: 225px) 100vw, 225px\" \/><\/a><\/figure><div class=\"wp-block-media-text__content\">\n<p><strong><a href=\"https:\/\/blogs.lyceecfadumene.fr\/cdr\/2022\/09\/19\/gowizapp\/\">Gowizapp<\/a><\/strong>, notre outil pour pratiquer la p\u00e9dagogie de l&rsquo;alternance. Il permet de connecter les trois acteurs de l&rsquo;apprentissage : le centre de formation, l&rsquo;apprenti et le ma\u00eetre d&rsquo;apprentissage. Il propose une version web et une application.<\/p>\n<\/div><\/div>\n\n\n\n<hr class=\"wp-block-separator has-alpha-channel-opacity is-style-wide\" \/>\n\n\n\n<div class=\"wp-block-media-text alignwide is-stacked-on-mobile\" style=\"grid-template-columns:19% auto\"><figure class=\"wp-block-media-text__media\"><a href=\"https:\/\/blogs.lyceecfadumene.fr\/cdr\/2023\/01\/05\/ypareo\/\"><img data-recalc-dims=\"1\" loading=\"lazy\" decoding=\"async\" width=\"323\" height=\"156\" data-attachment-id=\"333\" data-permalink=\"https:\/\/blogs.lyceecfadumene.fr\/cdr\/2023\/01\/05\/ypareo\/index\/\" data-orig-file=\"https:\/\/i0.wp.com\/blogs.lyceecfadumene.fr\/cdr\/files\/2023\/01\/index.png?fit=323%2C156&amp;ssl=1\" data-orig-size=\"323,156\" data-comments-opened=\"1\" data-image-meta=\"{&quot;aperture&quot;:&quot;0&quot;,&quot;credit&quot;:&quot;&quot;,&quot;camera&quot;:&quot;&quot;,&quot;caption&quot;:&quot;&quot;,&quot;created_timestamp&quot;:&quot;0&quot;,&quot;copyright&quot;:&quot;&quot;,&quot;focal_length&quot;:&quot;0&quot;,&quot;iso&quot;:&quot;0&quot;,&quot;shutter_speed&quot;:&quot;0&quot;,&quot;title&quot;:&quot;&quot;,&quot;orientation&quot;:&quot;0&quot;}\" data-image-title=\"index\" data-image-description=\"\" data-image-caption=\"\" data-large-file=\"https:\/\/i0.wp.com\/blogs.lyceecfadumene.fr\/cdr\/files\/2023\/01\/index.png?fit=323%2C156&amp;ssl=1\" src=\"https:\/\/i0.wp.com\/blogs.lyceecfadumene.fr\/cdr\/files\/2023\/01\/index.png?resize=323%2C156\" alt=\"\" class=\"wp-image-333 size-full\" \/><\/a><\/figure><div class=\"wp-block-media-text__content\">\n<p><strong><a href=\"https:\/\/blogs.lyceecfadumene.fr\/cdr\/2023\/01\/05\/ypareo\/\">Ypar\u00e9o<\/a><\/strong>, notre outil de gestion des apprentissages. Il permet de g\u00e9rer les emplois du temps, les cahiers de textes, les bulletins de notes, le suivi des apprentis etc&#8230;. Il existe un format administrateur, utilis\u00e9s par seulement quelques personnels et une version portail pour tous les autres utilisateurs.<\/p>\n<\/div><\/div>\n\n\n\n<hr class=\"wp-block-separator has-alpha-channel-opacity is-style-wide\" \/>\n\n\n\n<div class=\"wp-block-media-text alignwide is-stacked-on-mobile\" style=\"grid-template-columns:21% auto\"><figure class=\"wp-block-media-text__media\"><a href=\"https:\/\/blogs.lyceecfadumene.fr\/cdr\/2023\/05\/17\/moodle-ou-moodea\/\"><img data-recalc-dims=\"1\" loading=\"lazy\" decoding=\"async\" width=\"286\" height=\"150\" data-attachment-id=\"610\" data-permalink=\"https:\/\/blogs.lyceecfadumene.fr\/cdr\/nos-outils-internes\/moodea-logo\/\" data-orig-file=\"https:\/\/i0.wp.com\/blogs.lyceecfadumene.fr\/cdr\/files\/2023\/05\/Moodea-logo.png?fit=286%2C150&amp;ssl=1\" data-orig-size=\"286,150\" data-comments-opened=\"1\" data-image-meta=\"{&quot;aperture&quot;:&quot;0&quot;,&quot;credit&quot;:&quot;&quot;,&quot;camera&quot;:&quot;&quot;,&quot;caption&quot;:&quot;&quot;,&quot;created_timestamp&quot;:&quot;0&quot;,&quot;copyright&quot;:&quot;&quot;,&quot;focal_length&quot;:&quot;0&quot;,&quot;iso&quot;:&quot;0&quot;,&quot;shutter_speed&quot;:&quot;0&quot;,&quot;title&quot;:&quot;&quot;,&quot;orientation&quot;:&quot;0&quot;}\" data-image-title=\"Moodea-logo\" data-image-description=\"\" data-image-caption=\"\" data-large-file=\"https:\/\/i0.wp.com\/blogs.lyceecfadumene.fr\/cdr\/files\/2023\/05\/Moodea-logo.png?fit=286%2C150&amp;ssl=1\" src=\"https:\/\/i0.wp.com\/blogs.lyceecfadumene.fr\/cdr\/files\/2023\/05\/Moodea-logo.png?resize=286%2C150&#038;ssl=1\" alt=\"\" class=\"wp-image-610 size-full\" \/><\/a><\/figure><div class=\"wp-block-media-text__content\">\n<p><strong><a href=\"https:\/\/blogs.lyceecfadumene.fr\/cdr\/2023\/05\/17\/moodle-ou-moodea\/\" title=\"\">Moodle<\/a><\/strong>, notre LMS ( Learning Management System ). Il permet de g\u00e9rer les ressources et les cours en lignes, de les rendre accessibles et varier pour les apprenants : PDF, pr\u00e9sentations, quiz interactifs et auto-correctifs, vid\u00e9os etc&#8230; Les apprenants sont inscrits \u00e0 des cours auxquels ils ont acc\u00e8s pour toute la dur\u00e9e de leur formation.<\/p>\n<\/div><\/div>\n","protected":false},"excerpt":{"rendered":"<p>Gowizapp, notre outil pour pratiquer la p\u00e9dagogie de l&rsquo;alternance. Il permet de connecter les trois acteurs de l&rsquo;apprentissage : le centre de formation, l&rsquo;apprenti et le ma\u00eetre d&rsquo;apprentissage. Il propose une version web et une application. Ypar\u00e9o, notre outil de gestion des apprentissages. Il permet de g\u00e9rer les emplois du temps, les cahiers de textes, [&hellip;]<\/p>\n","protected":false},"author":103,"featured_media":0,"parent":0,"menu_order":0,"comment_status":"closed","ping_status":"closed","template":"","meta":{"footnotes":""},"class_list":["post-325","page","type-page","status-publish","hentry"],"aioseo_notices":[],"jetpack_sharing_enabled":true,"jetpack-related-posts":[{"id":955,"url":"https:\/\/blogs.lyceecfadumene.fr\/cdr\/veille-accessibilite-numerique\/","url_meta":{"origin":325,"position":0},"title":"Veille Accessibilit\u00e9 num\u00e9rique","author":"fdouan","date":"20 mars 2024","format":false,"excerpt":"Mirage Dys Appli de conversion audio avec QR codes Balabolka Logiciel de conversion audio Dys tout Site d'informations sur les dys Language Tool Plug-in correcteur en ligne Lirec Plateforme pour traduire en FALC Narakeet Outil de synth\u00e8se vocale Hop'toys Site vente et pr\u00e9sentation mat\u00e9riel adapt\u00e9 Glaaster Logiciel de transcription pour\u2026","rel":"","context":"Article similaire","block_context":{"text":"Article similaire","link":""},"img":{"alt_text":"","src":"https:\/\/i0.wp.com\/blogs.lyceecfadumene.fr\/cdr\/files\/2026\/03\/logo-duo-lingopetit.jpg?resize=350%2C200&ssl=1","width":350,"height":200,"srcset":"https:\/\/i0.wp.com\/blogs.lyceecfadumene.fr\/cdr\/files\/2026\/03\/logo-duo-lingopetit.jpg?resize=350%2C200&ssl=1 1x, https:\/\/i0.wp.com\/blogs.lyceecfadumene.fr\/cdr\/files\/2026\/03\/logo-duo-lingopetit.jpg?resize=525%2C300&ssl=1 1.5x"},"classes":[]},{"id":46,"url":"https:\/\/blogs.lyceecfadumene.fr\/cdr\/les-outils-numeriques\/","url_meta":{"origin":325,"position":1},"title":"Les outils num\u00e9riques","author":"fdouan","date":"14 juin 2022","format":false,"excerpt":"Les outils num\u00e9riques Il est important pour notre CDR de proposer \u00e0 la fois des ressources de parcours avec du contenu, des exercices, des cas pratiques mais \u00e9galement des outils pour construire ses ressources, ses cours, ses visuels ou encore pour am\u00e9liorer son animation p\u00e9dagogique. Voici donc le r\u00e9pertoire des\u2026","rel":"","context":"Avec 1 commentaire","block_context":{"text":"Avec 1 commentaire","link":"https:\/\/blogs.lyceecfadumene.fr\/cdr\/les-outils-numeriques\/#comments"},"img":{"alt_text":"","src":"https:\/\/i0.wp.com\/blogs.lyceecfadumene.fr\/cdr\/files\/2022\/06\/undraw_Co_workers_re_1i6i.png?resize=350%2C200&ssl=1","width":350,"height":200,"srcset":"https:\/\/i0.wp.com\/blogs.lyceecfadumene.fr\/cdr\/files\/2022\/06\/undraw_Co_workers_re_1i6i.png?resize=350%2C200&ssl=1 1x, https:\/\/i0.wp.com\/blogs.lyceecfadumene.fr\/cdr\/files\/2022\/06\/undraw_Co_workers_re_1i6i.png?resize=525%2C300&ssl=1 1.5x, https:\/\/i0.wp.com\/blogs.lyceecfadumene.fr\/cdr\/files\/2022\/06\/undraw_Co_workers_re_1i6i.png?resize=700%2C400&ssl=1 2x"},"classes":[]},{"id":65,"url":"https:\/\/blogs.lyceecfadumene.fr\/cdr\/les-outils-numeriques\/creer-un-quiz-synchrone\/","url_meta":{"origin":325,"position":2},"title":"Cr\u00e9er un quiz synchrone","author":"fdouan","date":"14 juin 2022","format":false,"excerpt":"Quels outils pour un cr\u00e9er un quiz synchrone ? Plickers, pour cr\u00e9er des quiz type QCM ou Vrai\/Faux sans ordinateur ni smartphone pour les apprenants et seulement avec des QR codes. Article et d\u00e9tails Kahoot, pour cr\u00e9er des quiz type QCM ou Vrai\/Faux ( dans sa version gratuite ). L'outil\u2026","rel":"","context":"Article similaire","block_context":{"text":"Article similaire","link":""},"img":{"alt_text":"","src":"https:\/\/i0.wp.com\/blogs.lyceecfadumene.fr\/cdr\/files\/2022\/06\/plickers.png?resize=350%2C200&ssl=1","width":350,"height":200,"srcset":"https:\/\/i0.wp.com\/blogs.lyceecfadumene.fr\/cdr\/files\/2022\/06\/plickers.png?resize=350%2C200&ssl=1 1x, https:\/\/i0.wp.com\/blogs.lyceecfadumene.fr\/cdr\/files\/2022\/06\/plickers.png?resize=525%2C300&ssl=1 1.5x, https:\/\/i0.wp.com\/blogs.lyceecfadumene.fr\/cdr\/files\/2022\/06\/plickers.png?resize=700%2C400&ssl=1 2x"},"classes":[]},{"id":1333,"url":"https:\/\/blogs.lyceecfadumene.fr\/cdr\/reconnaissance-des-vegetaux\/","url_meta":{"origin":325,"position":3},"title":"Reconnaissance des v\u00e9g\u00e9taux","author":"fdouan","date":"17 mars 2026","format":false,"excerpt":"Cette page contient des ressources pour la reconnaissance des v\u00e9g\u00e9taux. Il y a des contenus et des exercices. Les \u00e9l\u00e8ves peuvent les utiliser en classe ou seuls. Les ressources sont class\u00e9es par niveau et parfois par sp\u00e9cialit\u00e9. Le type de support est indiqu\u00e9. Si le support sur lequel se trouve\u2026","rel":"","context":"Article similaire","block_context":{"text":"Article similaire","link":""},"img":{"alt_text":"","src":"https:\/\/i0.wp.com\/blogs.lyceecfadumene.fr\/cdr\/files\/2026\/03\/Ressources-reco-des-vgtx.png?resize=350%2C200&ssl=1","width":350,"height":200,"srcset":"https:\/\/i0.wp.com\/blogs.lyceecfadumene.fr\/cdr\/files\/2026\/03\/Ressources-reco-des-vgtx.png?resize=350%2C200&ssl=1 1x, https:\/\/i0.wp.com\/blogs.lyceecfadumene.fr\/cdr\/files\/2026\/03\/Ressources-reco-des-vgtx.png?resize=525%2C300&ssl=1 1.5x, https:\/\/i0.wp.com\/blogs.lyceecfadumene.fr\/cdr\/files\/2026\/03\/Ressources-reco-des-vgtx.png?resize=700%2C400&ssl=1 2x, https:\/\/i0.wp.com\/blogs.lyceecfadumene.fr\/cdr\/files\/2026\/03\/Ressources-reco-des-vgtx.png?resize=1050%2C600&ssl=1 3x, https:\/\/i0.wp.com\/blogs.lyceecfadumene.fr\/cdr\/files\/2026\/03\/Ressources-reco-des-vgtx.png?resize=1400%2C800&ssl=1 4x"},"classes":[]},{"id":691,"url":"https:\/\/blogs.lyceecfadumene.fr\/cdr\/creation-de-ressources-numeriques\/","url_meta":{"origin":325,"position":4},"title":"Cr\u00e9ation de ressources num\u00e9riques","author":"fdouan","date":"22 juin 2023","format":false,"excerpt":"Le CDR organise r\u00e9guli\u00e8rement des formations pour aider l'\u00e9quipe p\u00e9dagogique \u00e0 cr\u00e9er de nouvelles ressources num\u00e9riques. Pour chacune de ces formations, un livret de formation est disponible : Formation cr\u00e9ation de quiz interactifs et synchrones et augmentation de son animation de cours avec Kahoot et Plickers T\u00e9l\u00e9charger le livret de\u2026","rel":"","context":"Article similaire","block_context":{"text":"Article similaire","link":""},"img":{"alt_text":"","src":"https:\/\/i0.wp.com\/blogs.lyceecfadumene.fr\/cdr\/files\/2025\/12\/image-differenciation.png?resize=350%2C200&ssl=1","width":350,"height":200},"classes":[]},{"id":689,"url":"https:\/\/blogs.lyceecfadumene.fr\/cdr\/materiel-en-emprunt\/","url_meta":{"origin":325,"position":5},"title":"Mat\u00e9riel en emprunt","author":"fdouan","date":"22 juin 2023","format":false,"excerpt":"Sur cette page, vous pourrez retrouver tout le mat\u00e9riel permettant l'am\u00e9nagement num\u00e9rique disponible \u00e0 l'emprunt au CDR du CFA de Merdrignac. Ce mat\u00e9riel a \u00e9t\u00e9 choisi et achet\u00e9 par le Service Handicap afin de correspondre aux besoins identifi\u00e9s des apprenants. Ce mat\u00e9riel correspond aux besoins identifi\u00e9s de diff\u00e9rents troubles dys\u2026","rel":"","context":"Article similaire","block_context":{"text":"Article similaire","link":""},"img":{"alt_text":"","src":"https:\/\/i0.wp.com\/blogs.lyceecfadumene.fr\/cdr\/files\/2024\/02\/timer.jpg?resize=350%2C200&ssl=1","width":350,"height":200,"srcset":"https:\/\/i0.wp.com\/blogs.lyceecfadumene.fr\/cdr\/files\/2024\/02\/timer.jpg?resize=350%2C200&ssl=1 1x, https:\/\/i0.wp.com\/blogs.lyceecfadumene.fr\/cdr\/files\/2024\/02\/timer.jpg?resize=525%2C300&ssl=1 1.5x, https:\/\/i0.wp.com\/blogs.lyceecfadumene.fr\/cdr\/files\/2024\/02\/timer.jpg?resize=700%2C400&ssl=1 2x"},"classes":[]}],"_links":{"self":[{"href":"https:\/\/blogs.lyceecfadumene.fr\/cdr\/wp-json\/wp\/v2\/pages\/325","targetHints":{"allow":["GET"]}}],"collection":[{"href":"https:\/\/blogs.lyceecfadumene.fr\/cdr\/wp-json\/wp\/v2\/pages"}],"about":[{"href":"https:\/\/blogs.lyceecfadumene.fr\/cdr\/wp-json\/wp\/v2\/types\/page"}],"author":[{"embeddable":true,"href":"https:\/\/blogs.lyceecfadumene.fr\/cdr\/wp-json\/wp\/v2\/users\/103"}],"replies":[{"embeddable":true,"href":"https:\/\/blogs.lyceecfadumene.fr\/cdr\/wp-json\/wp\/v2\/comments?post=325"}],"version-history":[{"count":4,"href":"https:\/\/blogs.lyceecfadumene.fr\/cdr\/wp-json\/wp\/v2\/pages\/325\/revisions"}],"predecessor-version":[{"id":615,"href":"https:\/\/blogs.lyceecfadumene.fr\/cdr\/wp-json\/wp\/v2\/pages\/325\/revisions\/615"}],"wp:attachment":[{"href":"https:\/\/blogs.lyceecfadumene.fr\/cdr\/wp-json\/wp\/v2\/media?parent=325"}],"curies":[{"name":"wp","href":"https:\/\/api.w.org\/{rel}","templated":true}]}}