{"id":1612,"date":"2015-12-01T16:11:13","date_gmt":"2015-12-01T14:11:13","guid":{"rendered":"http:\/\/blogs.lyceecfadumene.fr\/tyanheol\/?page_id=1612"},"modified":"2015-12-01T19:54:40","modified_gmt":"2015-12-01T17:54:40","slug":"tarte-tatin-aux-endives-et-chavignol","status":"publish","type":"page","link":"http:\/\/blogs.lyceecfadumene.fr\/tyanheol\/restauration\/tarte-tatin-aux-endives-et-chavignol\/","title":{"rendered":"Tarte tatin aux endives et chavignol"},"content":{"rendered":"<div class=\"tiled-gallery type-circle tiled-gallery-unresized\" data-original-width=\"604\" data-carousel-extra='{&quot;blog_id&quot;:84,&quot;permalink&quot;:&quot;http:\\\/\\\/blogs.lyceecfadumene.fr\\\/tyanheol\\\/restauration\\\/tarte-tatin-aux-endives-et-chavignol\\\/&quot;,&quot;likes_blog_id&quot;:27752986}' itemscope itemtype=\"http:\/\/schema.org\/ImageGallery\" > <div class=\"gallery-row\" style=\"width: 604px; height: 201px;\" data-original-width=\"604\" data-original-height=\"201\" > <div class=\"gallery-group\" style=\"width: 201px; height: 201px;\" data-original-width=\"201\" data-original-height=\"201\" > <div class=\"tiled-gallery-item \" itemprop=\"associatedMedia\" itemscope itemtype=\"http:\/\/schema.org\/ImageObject\"> <a href=\"http:\/\/blogs.lyceecfadumene.fr\/tyanheol\/restauration\/lentilles-a-la-tomate-et-au-chorizo\/crottin_de_chavignol\/\" border=\"0\" itemprop=\"url\"> <meta itemprop=\"width\" content=\"197\"> <meta itemprop=\"height\" content=\"197\"> <img decoding=\"async\" class=\"\" data-attachment-id=\"1639\" data-orig-file=\"http:\/\/blogs.lyceecfadumene.fr\/tyanheol\/files\/2015\/11\/Crottin_de_Chavignol.jpg\" data-orig-size=\"1242,843\" data-comments-opened=\"1\" data-image-meta=\"{&quot;aperture&quot;:&quot;22&quot;,&quot;credit&quot;:&quot;&quot;,&quot;camera&quot;:&quot;Canon EOS 20D&quot;,&quot;caption&quot;:&quot;&quot;,&quot;created_timestamp&quot;:&quot;1161446917&quot;,&quot;copyright&quot;:&quot;Markus Lindholm&quot;,&quot;focal_length&quot;:&quot;50&quot;,&quot;iso&quot;:&quot;100&quot;,&quot;shutter_speed&quot;:&quot;0.00400000065565&quot;,&quot;title&quot;:&quot;&quot;,&quot;orientation&quot;:&quot;1&quot;}\" data-image-title=\"Crottin_de_Chavignol\" data-image-description=\"\" data-medium-file=\"https:\/\/i0.wp.com\/blogs.lyceecfadumene.fr\/tyanheol\/files\/2015\/11\/Crottin_de_Chavignol.jpg?fit=300%2C204\" data-large-file=\"https:\/\/i0.wp.com\/blogs.lyceecfadumene.fr\/tyanheol\/files\/2015\/11\/Crottin_de_Chavignol.jpg?fit=604%2C410\" src=\"https:\/\/i0.wp.com\/blogs.lyceecfadumene.fr\/tyanheol\/files\/2015\/11\/Crottin_de_Chavignol.jpg?w=197&#038;h=197&#038;crop=1\" srcset=\"https:\/\/i0.wp.com\/blogs.lyceecfadumene.fr\/tyanheol\/files\/2015\/11\/Crottin_de_Chavignol.jpg?resize=150%2C150 150w, https:\/\/i0.wp.com\/blogs.lyceecfadumene.fr\/tyanheol\/files\/2015\/11\/Crottin_de_Chavignol.jpg?zoom=2&amp;resize=197%2C197 394w, https:\/\/i0.wp.com\/blogs.lyceecfadumene.fr\/tyanheol\/files\/2015\/11\/Crottin_de_Chavignol.jpg?zoom=3&amp;resize=197%2C197 591w\" width=\"197\" height=\"197\" loading=\"lazy\" data-original-width=\"197\" data-original-height=\"197\" itemprop=\"http:\/\/schema.org\/image\" title=\"Crottin_de_Chavignol\" alt=\"Crottin_de_Chavignol\" style=\"width: 197px; height: 197px;\" \/> <\/a> <\/div> <\/div> <div class=\"gallery-group\" style=\"width: 201px; height: 201px;\" data-original-width=\"201\" data-original-height=\"201\" > <div class=\"tiled-gallery-item \" itemprop=\"associatedMedia\" itemscope itemtype=\"http:\/\/schema.org\/ImageObject\"> <a href=\"http:\/\/blogs.lyceecfadumene.fr\/tyanheol\/restauration\/lentilles-a-la-tomate-et-au-chorizo\/endive_p1160063\/\" border=\"0\" itemprop=\"url\"> <meta itemprop=\"width\" content=\"197\"> <meta itemprop=\"height\" content=\"197\"> <img decoding=\"async\" class=\"\" data-attachment-id=\"1638\" data-orig-file=\"http:\/\/blogs.lyceecfadumene.fr\/tyanheol\/files\/2015\/11\/Endive_p1160063.jpg\" data-orig-size=\"2388,1677\" data-comments-opened=\"1\" data-image-meta=\"{&quot;aperture&quot;:&quot;8&quot;,&quot;credit&quot;:&quot;&quot;,&quot;camera&quot;:&quot;DMC-FZ20&quot;,&quot;caption&quot;:&quot;&quot;,&quot;created_timestamp&quot;:&quot;1169411553&quot;,&quot;copyright&quot;:&quot;&quot;,&quot;focal_length&quot;:&quot;6&quot;,&quot;iso&quot;:&quot;80&quot;,&quot;shutter_speed&quot;:&quot;1.6&quot;,&quot;title&quot;:&quot;&quot;,&quot;orientation&quot;:&quot;1&quot;}\" data-image-title=\"Endive_p1160063\" data-image-description=\"\" data-medium-file=\"https:\/\/i0.wp.com\/blogs.lyceecfadumene.fr\/tyanheol\/files\/2015\/11\/Endive_p1160063.jpg?fit=300%2C211\" data-large-file=\"https:\/\/i0.wp.com\/blogs.lyceecfadumene.fr\/tyanheol\/files\/2015\/11\/Endive_p1160063.jpg?fit=604%2C424\" src=\"https:\/\/i0.wp.com\/blogs.lyceecfadumene.fr\/tyanheol\/files\/2015\/11\/Endive_p1160063.jpg?w=197&#038;h=197&#038;crop=1\" srcset=\"https:\/\/i0.wp.com\/blogs.lyceecfadumene.fr\/tyanheol\/files\/2015\/11\/Endive_p1160063.jpg?resize=150%2C150 150w, https:\/\/i0.wp.com\/blogs.lyceecfadumene.fr\/tyanheol\/files\/2015\/11\/Endive_p1160063.jpg?zoom=2&amp;resize=197%2C197 394w, https:\/\/i0.wp.com\/blogs.lyceecfadumene.fr\/tyanheol\/files\/2015\/11\/Endive_p1160063.jpg?zoom=3&amp;resize=197%2C197 591w\" width=\"197\" height=\"197\" loading=\"lazy\" data-original-width=\"197\" data-original-height=\"197\" itemprop=\"http:\/\/schema.org\/image\" title=\"Endive_p1160063\" alt=\"Endive_p1160063\" style=\"width: 197px; height: 197px;\" \/> <\/a> <\/div> <\/div> <div class=\"gallery-group\" style=\"width: 201px; height: 201px;\" data-original-width=\"201\" data-original-height=\"201\" > <div class=\"tiled-gallery-item \" itemprop=\"associatedMedia\" itemscope itemtype=\"http:\/\/schema.org\/ImageObject\"> <a href=\"http:\/\/blogs.lyceecfadumene.fr\/tyanheol\/restauration\/lentilles-a-la-tomate-et-au-chorizo\/tarte-tatin\/\" border=\"0\" itemprop=\"url\"> <meta itemprop=\"width\" content=\"197\"> <meta itemprop=\"height\" content=\"197\"> <img decoding=\"async\" class=\"\" data-attachment-id=\"1637\" data-orig-file=\"http:\/\/blogs.lyceecfadumene.fr\/tyanheol\/files\/2015\/11\/tarte-tatin.jpg\" data-orig-size=\"500,375\" data-comments-opened=\"1\" data-image-meta=\"{&quot;aperture&quot;:&quot;0&quot;,&quot;credit&quot;:&quot;&quot;,&quot;camera&quot;:&quot;&quot;,&quot;caption&quot;:&quot;&quot;,&quot;created_timestamp&quot;:&quot;0&quot;,&quot;copyright&quot;:&quot;&quot;,&quot;focal_length&quot;:&quot;0&quot;,&quot;iso&quot;:&quot;0&quot;,&quot;shutter_speed&quot;:&quot;0&quot;,&quot;title&quot;:&quot;&quot;,&quot;orientation&quot;:&quot;0&quot;}\" data-image-title=\"tarte tatin\" data-image-description=\"\" data-medium-file=\"https:\/\/i0.wp.com\/blogs.lyceecfadumene.fr\/tyanheol\/files\/2015\/11\/tarte-tatin.jpg?fit=300%2C225\" data-large-file=\"https:\/\/i0.wp.com\/blogs.lyceecfadumene.fr\/tyanheol\/files\/2015\/11\/tarte-tatin.jpg?fit=500%2C375\" src=\"https:\/\/i0.wp.com\/blogs.lyceecfadumene.fr\/tyanheol\/files\/2015\/11\/tarte-tatin.jpg?w=197&#038;h=197&#038;crop=1\" srcset=\"https:\/\/i0.wp.com\/blogs.lyceecfadumene.fr\/tyanheol\/files\/2015\/11\/tarte-tatin.jpg?resize=150%2C150 150w, https:\/\/i0.wp.com\/blogs.lyceecfadumene.fr\/tyanheol\/files\/2015\/11\/tarte-tatin.jpg?zoom=2&amp;resize=197%2C197 394w\" width=\"197\" height=\"197\" loading=\"lazy\" data-original-width=\"197\" data-original-height=\"197\" itemprop=\"http:\/\/schema.org\/image\" title=\"tarte tatin\" alt=\"tarte tatin\" style=\"width: 197px; height: 197px;\" \/> <\/a> <\/div> <\/div> <\/div> <\/div>\n<p><strong>Temps de pr\u00e9paration :<\/strong> 25 minutes<\/p>\n<p><strong> 40 minutes<\/strong><\/p>\n<p><strong>Ingr\u00e9dients (pour 4 personnes) :<\/strong><\/p>\n<ul>\n<li>1 rouleau de p\u00e2te feuillet\u00e9e<\/li>\n<li>5 endives<\/li>\n<li>2 crottins de Chavignol<\/li>\n<li>50 g de beurre<\/li>\n<li>1 cuiller\u00e9e \u00e0 caf\u00e9 d&rsquo;herbes de Provence<\/li>\n<li>1 cuiller\u00e9e \u00e0 soupe de sucre<\/li>\n<li>sel et poivre<\/li>\n<\/ul>\n<p><strong>Pr\u00e9paration de la recette :<\/strong><\/p>\n<p>Couper en quatre les endives, dans le sens de la longueur. Les disposer dans une sauteuse et les faire revenir dans la moiti\u00e9 du beurre, \u00e0 feu doux durant 25 min.<\/p>\n<p>Elles doivent prendre une belle coloration blonde. Dans un moule \u00e0 manquer, verser l&rsquo;autre moiti\u00e9 du beurre fondu et saupoudrer de la cuill\u00e8re \u00e0 soupe de sucre.<\/p>\n<p>Pr\u00e9chauffer le four \u00e0 200\u00b0C (thermostat 6-7).<\/p>\n<p>Disposer les quartiers d&rsquo;endives en rosace, au fond du moule (le c\u0153ur au centre). Couper les crottins de ch\u00e8vre en tranches fines et les disposer sur les endives, puis saupoudrer de la moiti\u00e9 de la cuill\u00e8re d&rsquo;herbes de Provence.<\/p>\n<p>Saler et poivrer.<\/p>\n<p>Recouvrir avec la p\u00e2te feuillet\u00e9e, le bord de la p\u00e2te doit glisser entre le moule et les endives. Enfourner 20 min, la p\u00e2te doit se soulever et prendre une belle couleur blonde.<\/p>\n<p>Prendre une assiette l\u00e9g\u00e8rement plus grande que le diam\u00e8tre du moule, puis la poser dessus, et d&rsquo;un geste retourner l&rsquo;ensemble.<\/p>\n<p>Attendre 5 ou 6 secondes, et soulever d\u00e9licatement le moule. Pour finir, saupoudrer avec la moiti\u00e9 des herbes de Provence restantes.<\/p>\n","protected":false},"excerpt":{"rendered":"<p>Temps de pr\u00e9paration : 25 minutes 40 minutes Ingr\u00e9dients (pour 4 personnes) : 1 rouleau de p\u00e2te feuillet\u00e9e 5 endives 2 crottins de Chavignol 50 g de beurre 1 cuiller\u00e9e \u00e0 caf\u00e9 d&rsquo;herbes de Provence 1 cuiller\u00e9e \u00e0 soupe de sucre sel et poivre Pr\u00e9paration de la recette : Couper en quatre les endives, dans &hellip; <a href=\"http:\/\/blogs.lyceecfadumene.fr\/tyanheol\/restauration\/tarte-tatin-aux-endives-et-chavignol\/\" class=\"more-link\">Continuer la lecture de <span class=\"screen-reader-text\">Tarte tatin aux endives et chavignol<\/span> <span class=\"meta-nav\">&rarr;<\/span><\/a><\/p>\n","protected":false},"author":43,"featured_media":0,"parent":1562,"menu_order":0,"comment_status":"closed","ping_status":"closed","template":"","meta":{"footnotes":""},"class_list":["post-1612","page","type-page","status-publish","hentry"],"aioseo_notices":[],"jetpack_shortlink":"https:\/\/wp.me\/P1SrOO-q0","jetpack_sharing_enabled":true,"_links":{"self":[{"href":"http:\/\/blogs.lyceecfadumene.fr\/tyanheol\/wp-json\/wp\/v2\/pages\/1612","targetHints":{"allow":["GET"]}}],"collection":[{"href":"http:\/\/blogs.lyceecfadumene.fr\/tyanheol\/wp-json\/wp\/v2\/pages"}],"about":[{"href":"http:\/\/blogs.lyceecfadumene.fr\/tyanheol\/wp-json\/wp\/v2\/types\/page"}],"author":[{"embeddable":true,"href":"http:\/\/blogs.lyceecfadumene.fr\/tyanheol\/wp-json\/wp\/v2\/users\/43"}],"replies":[{"embeddable":true,"href":"http:\/\/blogs.lyceecfadumene.fr\/tyanheol\/wp-json\/wp\/v2\/comments?post=1612"}],"version-history":[{"count":0,"href":"http:\/\/blogs.lyceecfadumene.fr\/tyanheol\/wp-json\/wp\/v2\/pages\/1612\/revisions"}],"up":[{"embeddable":true,"href":"http:\/\/blogs.lyceecfadumene.fr\/tyanheol\/wp-json\/wp\/v2\/pages\/1562"}],"wp:attachment":[{"href":"http:\/\/blogs.lyceecfadumene.fr\/tyanheol\/wp-json\/wp\/v2\/media?parent=1612"}],"curies":[{"name":"wp","href":"https:\/\/api.w.org\/{rel}","templated":true}]}}

<div class="tiled-gallery type-circle tiled-gallery-unresized" data-original-width="604" data-carousel-extra='{&quot;blog_id&quot;:84,&quot;permalink&quot;:&quot;http:\/\/blogs.lyceecfadumene.fr\/tyanheol\/restauration\/tarte-tatin-aux-endives-et-chavignol\/&quot;,&quot;likes_blog_id&quot;:27752986}' itemscope itemtype="http://schema.org/ImageGallery" > <div class="gallery-row" style="width: 604px; height: 201px;" data-original-width="604" data-original-height="201" > <div class="gallery-group" style="width: 201px; height: 201px;" data-original-width="201" data-original-height="201" > <div class="tiled-gallery-item " itemprop="associatedMedia" itemscope itemtype="http://schema.org/ImageObject"> <a href="http://blogs.lyceecfadumene.fr/tyanheol/restauration/lentilles-a-la-tomate-et-au-chorizo/crottin_de_chavignol/" border="0" itemprop="url"> <meta itemprop="width" content="197"> <meta itemprop="height" content="197"> <img decoding="async" class="" data-attachment-id="1639" data-orig-file="http://blogs.lyceecfadumene.fr/tyanheol/files/2015/11/Crottin_de_Chavignol.jpg" data-orig-size="1242,843" data-comments-opened="1" data-image-meta="{&quot;aperture&quot;:&quot;22&quot;,&quot;credit&quot;:&quot;&quot;,&quot;camera&quot;:&quot;Canon EOS 20D&quot;,&quot;caption&quot;:&quot;&quot;,&quot;created_timestamp&quot;:&quot;1161446917&quot;,&quot;copyright&quot;:&quot;Markus Lindholm&quot;,&quot;focal_length&quot;:&quot;50&quot;,&quot;iso&quot;:&quot;100&quot;,&quot;shutter_speed&quot;:&quot;0.00400000065565&quot;,&quot;title&quot;:&quot;&quot;,&quot;orientation&quot;:&quot;1&quot;}" data-image-title="Crottin_de_Chavignol" data-image-description="" data-medium-file="https://i0.wp.com/blogs.lyceecfadumene.fr/tyanheol/files/2015/11/Crottin_de_Chavignol.jpg?fit=300%2C204" data-large-file="https://i0.wp.com/blogs.lyceecfadumene.fr/tyanheol/files/2015/11/Crottin_de_Chavignol.jpg?fit=604%2C410" src="https://i0.wp.com/blogs.lyceecfadumene.fr/tyanheol/files/2015/11/Crottin_de_Chavignol.jpg?w=197&#038;h=197&#038;crop=1" srcset="https://i0.wp.com/blogs.lyceecfadumene.fr/tyanheol/files/2015/11/Crottin_de_Chavignol.jpg?resize=150%2C150 150w, https://i0.wp.com/blogs.lyceecfadumene.fr/tyanheol/files/2015/11/Crottin_de_Chavignol.jpg?zoom=2&amp;resize=197%2C197 394w, https://i0.wp.com/blogs.lyceecfadumene.fr/tyanheol/files/2015/11/Crottin_de_Chavignol.jpg?zoom=3&amp;resize=197%2C197 591w" width="197" height="197" loading="lazy" data-original-width="197" data-original-height="197" itemprop="http://schema.org/image" title="Crottin_de_Chavignol" alt="Crottin_de_Chavignol" style="width: 197px; height: 197px;" /> </a> </div> </div> <div class="gallery-group" style="width: 201px; height: 201px;" data-original-width="201" data-original-height="201" > <div class="tiled-gallery-item " itemprop="associatedMedia" itemscope itemtype="http://schema.org/ImageObject"> <a href="http://blogs.lyceecfadumene.fr/tyanheol/restauration/lentilles-a-la-tomate-et-au-chorizo/endive_p1160063/" border="0" itemprop="url"> <meta itemprop="width" content="197"> <meta itemprop="height" content="197"> <img decoding="async" class="" data-attachment-id="1638" data-orig-file="http://blogs.lyceecfadumene.fr/tyanheol/files/2015/11/Endive_p1160063.jpg" data-orig-size="2388,1677" data-comments-opened="1" data-image-meta="{&quot;aperture&quot;:&quot;8&quot;,&quot;credit&quot;:&quot;&quot;,&quot;camera&quot;:&quot;DMC-FZ20&quot;,&quot;caption&quot;:&quot;&quot;,&quot;created_timestamp&quot;:&quot;1169411553&quot;,&quot;copyright&quot;:&quot;&quot;,&quot;focal_length&quot;:&quot;6&quot;,&quot;iso&quot;:&quot;80&quot;,&quot;shutter_speed&quot;:&quot;1.6&quot;,&quot;title&quot;:&quot;&quot;,&quot;orientation&quot;:&quot;1&quot;}" data-image-title="Endive_p1160063" data-image-description="" data-medium-file="https://i0.wp.com/blogs.lyceecfadumene.fr/tyanheol/files/2015/11/Endive_p1160063.jpg?fit=300%2C211" data-large-file="https://i0.wp.com/blogs.lyceecfadumene.fr/tyanheol/files/2015/11/Endive_p1160063.jpg?fit=604%2C424" src="https://i0.wp.com/blogs.lyceecfadumene.fr/tyanheol/files/2015/11/Endive_p1160063.jpg?w=197&#038;h=197&#038;crop=1" srcset="https://i0.wp.com/blogs.lyceecfadumene.fr/tyanheol/files/2015/11/Endive_p1160063.jpg?resize=150%2C150 150w, https://i0.wp.com/blogs.lyceecfadumene.fr/tyanheol/files/2015/11/Endive_p1160063.jpg?zoom=2&amp;resize=197%2C197 394w, https://i0.wp.com/blogs.lyceecfadumene.fr/tyanheol/files/2015/11/Endive_p1160063.jpg?zoom=3&amp;resize=197%2C197 591w" width="197" height="197" loading="lazy" data-original-width="197" data-original-height="197" itemprop="http://schema.org/image" title="Endive_p1160063" alt="Endive_p1160063" style="width: 197px; height: 197px;" /> </a> </div> </div> <div class="gallery-group" style="width: 201px; height: 201px;" data-original-width="201" data-original-height="201" > <div class="tiled-gallery-item " itemprop="associatedMedia" itemscope itemtype="http://schema.org/ImageObject"> <a href="http://blogs.lyceecfadumene.fr/tyanheol/restauration/lentilles-a-la-tomate-et-au-chorizo/tarte-tatin/" border="0" itemprop="url"> <meta itemprop="width" content="197"> <meta itemprop="height" content="197"> <img decoding="async" class="" data-attachment-id="1637" data-orig-file="http://blogs.lyceecfadumene.fr/tyanheol/files/2015/11/tarte-tatin.jpg" data-orig-size="500,375" data-comments-opened="1" data-image-meta="{&quot;aperture&quot;:&quot;0&quot;,&quot;credit&quot;:&quot;&quot;,&quot;camera&quot;:&quot;&quot;,&quot;caption&quot;:&quot;&quot;,&quot;created_timestamp&quot;:&quot;0&quot;,&quot;copyright&quot;:&quot;&quot;,&quot;focal_length&quot;:&quot;0&quot;,&quot;iso&quot;:&quot;0&quot;,&quot;shutter_speed&quot;:&quot;0&quot;,&quot;title&quot;:&quot;&quot;,&quot;orientation&quot;:&quot;0&quot;}" data-image-title="tarte tatin" data-image-description="" data-medium-file="https://i0.wp.com/blogs.lyceecfadumene.fr/tyanheol/files/2015/11/tarte-tatin.jpg?fit=300%2C225" data-large-file="https://i0.wp.com/blogs.lyceecfadumene.fr/tyanheol/files/2015/11/tarte-tatin.jpg?fit=500%2C375" src="https://i0.wp.com/blogs.lyceecfadumene.fr/tyanheol/files/2015/11/tarte-tatin.jpg?w=197&#038;h=197&#038;crop=1" srcset="https://i0.wp.com/blogs.lyceecfadumene.fr/tyanheol/files/2015/11/tarte-tatin.jpg?resize=150%2C150 150w, https://i0.wp.com/blogs.lyceecfadumene.fr/tyanheol/files/2015/11/tarte-tatin.jpg?zoom=2&amp;resize=197%2C197 394w" width="197" height="197" loading="lazy" data-original-width="197" data-original-height="197" itemprop="http://schema.org/image" title="tarte tatin" alt="tarte tatin" style="width: 197px; height: 197px;" /> </a> </div> </div> </div> </div>
<p><strong>Temps de préparation :</strong> 25 minutes</p>
<p><strong> 40 minutes</strong></p>
<p><strong>Ingrédients (pour 4 personnes) :</strong></p>
<ul>
<li>1 rouleau de pâte feuilletée</li>
<li>5 endives</li>
<li>2 crottins de Chavignol</li>
<li>50 g de beurre</li>
<li>1 cuillerée à café d&rsquo;herbes de Provence</li>
<li>1 cuillerée à soupe de sucre</li>
<li>sel et poivre</li>
</ul>
<p><strong>Préparation de la recette :</strong></p>
<p>Couper en quatre les endives, dans le sens de la longueur. Les disposer dans une sauteuse et les faire revenir dans la moitié du beurre, à feu doux durant 25 min.</p>
<p>Elles doivent prendre une belle coloration blonde. Dans un moule à manquer, verser l&rsquo;autre moitié du beurre fondu et saupoudrer de la cuillère à soupe de sucre.</p>
<p>Préchauffer le four à 200°C (thermostat 6-7).</p>
<p>Disposer les quartiers d&rsquo;endives en rosace, au fond du moule (le cœur au centre). Couper les crottins de chèvre en tranches fines et les disposer sur les endives, puis saupoudrer de la moitié de la cuillère d&rsquo;herbes de Provence.</p>
<p>Saler et poivrer.</p>
<p>Recouvrir avec la pâte feuilletée, le bord de la pâte doit glisser entre le moule et les endives. Enfourner 20 min, la pâte doit se soulever et prendre une belle couleur blonde.</p>
<p>Prendre une assiette légèrement plus grande que le diamètre du moule, puis la poser dessus, et d&rsquo;un geste retourner l&rsquo;ensemble.</p>
<p>Attendre 5 ou 6 secondes, et soulever délicatement le moule. Pour finir, saupoudrer avec la moitié des herbes de Provence restantes.</p>

<p>Temps de préparation : 25 minutes 40 minutes Ingrédients (pour 4 personnes) : 1 rouleau de pâte feuilletée 5 endives 2 crottins de Chavignol 50 g de beurre 1 cuillerée à café d&rsquo;herbes de Provence 1 cuillerée à soupe de sucre sel et poivre Préparation de la recette : Couper en quatre les endives, dans &hellip; <a href="http://blogs.lyceecfadumene.fr/tyanheol/restauration/tarte-tatin-aux-endives-et-chavignol/" class="more-link">Continuer la lecture de <span class="screen-reader-text">Tarte tatin aux endives et chavignol</span> <span class="meta-nav">&rarr;</span></a></p>
